{"id":982,"date":"2026-01-07T16:36:09","date_gmt":"2026-01-07T16:36:09","guid":{"rendered":"https:\/\/www.kiralyszentistvan.hu\/kiraly\/?page_id=982"},"modified":"2026-07-30T16:08:19","modified_gmt":"2026-07-30T16:08:19","slug":"2026-evi-kepviselo-testuleti-ules","status":"publish","type":"page","link":"https:\/\/www.kiralyszentistvan.hu\/kiraly\/2026-evi-kepviselo-testuleti-ules\/","title":{"rendered":"2026 \u00e9vi k\u00e9pvisel\u0151 test\u00fcleti \u00fcl\u00e9s"},"content":{"rendered":"\n<p class=\"has-text-color has-link-color wp-elements-1 wp-block-paragraph\" style=\"color:#aa8114\"><a href=\"https:\/\/kiralyszentistvan.hu\/data\/onkormanyzat\/KT_ulesek\/2026\/Meghivo-260127.pdf\">Megh\u00edv\u00f3 2026.01.27. KT \u00fcl\u00e9sre<\/a><br><a href=\"https:\/\/kiralyszentistvan.hu\/data\/onkormanyzat\/KT_ulesek\/2026\/2026-01-27_KT-JKV.pdf\">2026.01.27. KT JKV<\/a><\/p>\n\n\n\n<p class=\"has-text-color has-link-color wp-elements-2 wp-block-paragraph\" style=\"color:#aa8114\"><a href=\"https:\/\/kiralyszentistvan.hu\/data\/onkormanyzat\/KT_ulesek\/2026\/Meghivo-260210.pdf\">Megh\u00edv\u00f3 2026.02.10. RKT \u00fcl\u00e9sre<\/a><br><a href=\"https:\/\/kiralyszentistvan.hu\/data\/onkormanyzat\/KT_ulesek\/2026\/2026-02-10_RKT-JKV.pdf\">2026.02.10. RKT JKV<\/a><\/p>\n\n\n\n<p class=\"has-text-color has-link-color wp-elements-3 wp-block-paragraph\" style=\"color:#aa8114\"><a href=\"https:\/\/kiralyszentistvan.hu\/data\/onkormanyzat\/KT_ulesek\/2026\/Meghivo-260324.pdf\">Megh\u00edv\u00f3 2026.03.24. KT \u00fcl\u00e9sre<\/a><br><a href=\"https:\/\/kiralyszentistvan.hu\/data\/onkormanyzat\/KT_ulesek\/2026\/2026-03-24_KT-JKV.pdf\">2026.03.24. KT JKV<\/a><\/p>\n\n\n\n<p class=\"has-text-color has-link-color wp-elements-4 wp-block-paragraph\" style=\"color:#aa8114\"><a href=\"https:\/\/kiralyszentistvan.hu\/data\/onkormanyzat\/KT_ulesek\/2026\/Meghivo-260428.pdf\">Megh\u00edv\u00f3 2026.04.28. KT \u00fcl\u00e9sre<\/a><br><a href=\"https:\/\/kiralyszentistvan.hu\/data\/onkormanyzat\/KT_ulesek\/2026\/2026-04-28_KT-JKV.pdf\">2026.04.28. KT JKV<\/a><\/p>\n\n\n\n<p class=\"has-text-color has-link-color wp-elements-5 wp-block-paragraph\" style=\"color:#aa8114\"><a href=\"https:\/\/kiralyszentistvan.hu\/data\/onkormanyzat\/KT_ulesek\/2026\/Meghivo-260527.pdf\">Megh\u00edv\u00f3 2026.05.27. KT \u00fcl\u00e9sre<\/a><br><a href=\"https:\/\/kiralyszentistvan.hu\/data\/onkormanyzat\/KT_ulesek\/2026\/2026-05-27_KT-JKV.pdf\">2026.05.27. KT JKV<\/a><\/p>\n\n\n\n<p class=\"has-text-color has-link-color wp-elements-6 wp-block-paragraph\" style=\"color:#aa8114\"><a href=\"https:\/\/kiralyszentistvan.hu\/data\/onkormanyzat\/KT_ulesek\/2026\/Meghivo-20260630.pdf\">Megh\u00edv\u00f3 2026.06.30. RKT \u00fcl\u00e9sre<\/a><br><a href=\"https:\/\/kiralyszentistvan.hu\/data\/onkormanyzat\/KT_ulesek\/2026\/2026-06-30_KT_JKV.pdf\">2026.06.30. RKT JKV<\/a><\/p>\n\n\n\n<p class=\"has-text-color has-link-color wp-elements-7 wp-block-paragraph\" style=\"color:#aa8114\"><a href=\"https:\/\/kiralyszentistvan.hu\/data\/onkormanyzat\/KT_ulesek\/2026\/Meghivo-260729.pdf\">Megh\u00edv\u00f3 2026.07.29 RKT \u00fcl\u00e9sre<\/a><br><a href=\"https:\/\/kiralyszentistvan.hu\/data\/onkormanyzat\/KT_ulesek\/2026\/2026-07-29_RKT-JKV.pdf\">2026.07.29. RKT JKV<\/a><\/p>\n\n\n\n<p class=\"wp-block-paragraph\"><\/p>\n","protected":false},"excerpt":{"rendered":"<p>Megh\u00edv\u00f3 2026.01.27. KT \u00fcl\u00e9sre2026.01.27. KT JKV Megh\u00edv\u00f3 2026.02.10. RKT \u00fcl\u00e9sre2026.02.10. RKT JKV Megh\u00edv\u00f3 2026.03.24. KT \u00fcl\u00e9sre2026.03.24. KT JKV Megh\u00edv\u00f3 2026.04.28. KT \u00fcl\u00e9sre2026.04.28. KT JKV Megh\u00edv\u00f3 2026.05.27. KT \u00fcl\u00e9sre2026.05.27. KT JKV Megh\u00edv\u00f3 2026.06.30.<a class=\"moretag\" href=\"https:\/\/www.kiralyszentistvan.hu\/kiraly\/2026-evi-kepviselo-testuleti-ules\/\">Tov\u00e1bbi inform\u00e1ci\u00f3\u2026<\/a><\/p>\n","protected":false},"author":1,"featured_media":0,"parent":0,"menu_order":0,"comment_status":"closed","ping_status":"closed","template":"","meta":{"footnotes":""},"class_list":["post-982","page","type-page","status-publish","hentry"],"featured_image_src":null,"featured_image_src_square":null,"publishpress_future_action":{"enabled":false,"date":"2026-09-09 06:15:15","action":"change-status","newStatus":"draft","terms":[],"taxonomy":"","extraData":[]},"publishpress_future_workflow_manual_trigger":{"enabledWorkflows":[]},"_links":{"self":[{"href":"https:\/\/www.kiralyszentistvan.hu\/kiraly\/wp-json\/wp\/v2\/pages\/982","targetHints":{"allow":["GET"]}}],"collection":[{"href":"https:\/\/www.kiralyszentistvan.hu\/kiraly\/wp-json\/wp\/v2\/pages"}],"about":[{"href":"https:\/\/www.kiralyszentistvan.hu\/kiraly\/wp-json\/wp\/v2\/types\/page"}],"author":[{"embeddable":true,"href":"https:\/\/www.kiralyszentistvan.hu\/kiraly\/wp-json\/wp\/v2\/users\/1"}],"replies":[{"embeddable":true,"href":"https:\/\/www.kiralyszentistvan.hu\/kiraly\/wp-json\/wp\/v2\/comments?post=982"}],"version-history":[{"count":13,"href":"https:\/\/www.kiralyszentistvan.hu\/kiraly\/wp-json\/wp\/v2\/pages\/982\/revisions"}],"predecessor-version":[{"id":1133,"href":"https:\/\/www.kiralyszentistvan.hu\/kiraly\/wp-json\/wp\/v2\/pages\/982\/revisions\/1133"}],"wp:attachment":[{"href":"https:\/\/www.kiralyszentistvan.hu\/kiraly\/wp-json\/wp\/v2\/media?parent=982"}],"curies":[{"name":"wp","href":"https:\/\/api.w.org\/{rel}","templated":true}]}}

2026 évi képviselő testületi ülés

<p class="has-text-color has-link-color wp-elements-1 wp-block-paragraph" style="color:#aa8114"><a href="https://kiralyszentistvan.hu/data/onkormanyzat/KT_ulesek/2026/Meghivo-260127.pdf">Meghívó 2026.01.27. KT ülésre</a><br><a href="https://kiralyszentistvan.hu/data/onkormanyzat/KT_ulesek/2026/2026-01-27_KT-JKV.pdf">2026.01.27. KT JKV</a></p>



<p class="has-text-color has-link-color wp-elements-2 wp-block-paragraph" style="color:#aa8114"><a href="https://kiralyszentistvan.hu/data/onkormanyzat/KT_ulesek/2026/Meghivo-260210.pdf">Meghívó 2026.02.10. RKT ülésre</a><br><a href="https://kiralyszentistvan.hu/data/onkormanyzat/KT_ulesek/2026/2026-02-10_RKT-JKV.pdf">2026.02.10. RKT JKV</a></p>



<p class="has-text-color has-link-color wp-elements-3 wp-block-paragraph" style="color:#aa8114"><a href="https://kiralyszentistvan.hu/data/onkormanyzat/KT_ulesek/2026/Meghivo-260324.pdf">Meghívó 2026.03.24. KT ülésre</a><br><a href="https://kiralyszentistvan.hu/data/onkormanyzat/KT_ulesek/2026/2026-03-24_KT-JKV.pdf">2026.03.24. KT JKV</a></p>



<p class="has-text-color has-link-color wp-elements-4 wp-block-paragraph" style="color:#aa8114"><a href="https://kiralyszentistvan.hu/data/onkormanyzat/KT_ulesek/2026/Meghivo-260428.pdf">Meghívó 2026.04.28. KT ülésre</a><br><a href="https://kiralyszentistvan.hu/data/onkormanyzat/KT_ulesek/2026/2026-04-28_KT-JKV.pdf">2026.04.28. KT JKV</a></p>



<p class="has-text-color has-link-color wp-elements-5 wp-block-paragraph" style="color:#aa8114"><a href="https://kiralyszentistvan.hu/data/onkormanyzat/KT_ulesek/2026/Meghivo-260527.pdf">Meghívó 2026.05.27. KT ülésre</a><br><a href="https://kiralyszentistvan.hu/data/onkormanyzat/KT_ulesek/2026/2026-05-27_KT-JKV.pdf">2026.05.27. KT JKV</a></p>



<p class="has-text-color has-link-color wp-elements-6 wp-block-paragraph" style="color:#aa8114"><a href="https://kiralyszentistvan.hu/data/onkormanyzat/KT_ulesek/2026/Meghivo-20260630.pdf">Meghívó 2026.06.30. RKT ülésre</a><br><a href="https://kiralyszentistvan.hu/data/onkormanyzat/KT_ulesek/2026/2026-06-30_KT_JKV.pdf">2026.06.30. RKT JKV</a></p>



<p class="has-text-color has-link-color wp-elements-7 wp-block-paragraph" style="color:#aa8114"><a href="https://kiralyszentistvan.hu/data/onkormanyzat/KT_ulesek/2026/Meghivo-260729.pdf">Meghívó 2026.07.29 RKT ülésre</a><br><a href="https://kiralyszentistvan.hu/data/onkormanyzat/KT_ulesek/2026/2026-07-29_RKT-JKV.pdf">2026.07.29. RKT JKV</a></p>



<p class="wp-block-paragraph"></p>

<p>Meghívó 2026.01.27. KT ülésre2026.01.27. KT JKV Meghívó 2026.02.10. RKT ülésre2026.02.10. RKT JKV Meghívó 2026.03.24. KT ülésre2026.03.24. KT JKV Meghívó 2026.04.28. KT ülésre2026.04.28. KT JKV Meghívó 2026.05.27. KT ülésre2026.05.27. KT JKV Meghívó 2026.06.30.<a class="moretag" href="https://www.kiralyszentistvan.hu/kiraly/2026-evi-kepviselo-testuleti-ules/">További információ…</a></p>
