{"id":824,"date":"2025-03-11T05:25:27","date_gmt":"2025-03-11T05:25:27","guid":{"rendered":"https:\/\/www.kiralyszentistvan.hu\/kiraly\/?page_id=824"},"modified":"2025-03-11T05:25:27","modified_gmt":"2025-03-11T05:25:27","slug":"ciklusprogram-2024-2029","status":"publish","type":"page","link":"https:\/\/www.kiralyszentistvan.hu\/kiraly\/ciklusprogram-2024-2029\/","title":{"rendered":"Ciklusprogram 2024 &#8211; 2029"},"content":{"rendered":"\n<p class=\"has-text-align-center has-text-color has-link-color has-large-font-size wp-elements-404fc2783099737b19ff98747e4a8374\" style=\"color:#aa8114\"><strong>Kir\u00e1lyszentistv\u00e1n K\u00f6zs\u00e9g K\u00e9pvisel\u0151-Test\u00fclet\u00e9nek <\/strong><\/p>\n\n\n\n<p class=\"has-text-align-center has-text-color has-link-color has-medium-font-size wp-elements-4df65c5117ad8aceec7f843532395644\" style=\"color:#aa8114\"><strong>Ciklusprogramja<\/strong><\/p>\n\n\n\n<p class=\"has-text-align-center has-text-color has-link-color has-medium-font-size wp-elements-6b022bdb69b48936f77aa6a195cac80f\" style=\"color:#aa8114\"><strong>2024 &#8211; 2029 \u00e9vekre<\/strong><\/p>\n\n\n\n<p class=\"has-text-color has-link-color wp-elements-867aeb90a0d21799d52015bb40d3b43e\" style=\"color:#aa8114\">A kir\u00e1lyszentistv\u00e1ni \u00f6nkorm\u00e1nyzat v\u00e1laszt\u00e1si ciklusra vonatkoz\u00f3 ciklusprogramj\u00e1nak alapvet\u0151 feladata a k\u00f6zs\u00e9gi int\u00e9zm\u00e9nyh\u00e1l\u00f3zat folyamatos \u00e9s z\u00f6kken\u0151mentes m\u0171k\u00f6dtet\u00e9s\u00e9nek biztos\u00edt\u00e1sa, valamint az \u00f6nkorm\u00e1nyzatokra h\u00e1rul\u00f3 k\u00f6telez\u0151 \u00e9s \u00f6nk\u00e9nt v\u00e1llalhat\u00f3 feladatok min\u00e9l sz\u00e9lesebb k\u00f6r\u0171 ell\u00e1t\u00e1sa, a kor\u00e1bbi \u00e9vekhez hasonl\u00f3 racion\u00e1lis gazd\u00e1lkod\u00e1s biztos\u00edt\u00e1sa mellett.<br>F\u0151 c\u00e9lkit\u0171z\u00e9s\u00fcnk a fejleszt\u00e9s \u00e9s k\u00f6z\u00f6ss\u00e9g\u00e9p\u00edt\u00e9s, melyekhez megfelel\u0151 cselekv\u00e9si programot kell kidolgoznunk, \u00e9s fel kell t\u00e1rni a k\u00f6zs\u00e9g lehet\u0151s\u00e9geit, valamint a helyi adotts\u00e1gokat \u00e9s er\u0151forr\u00e1sokat a tov\u00e1bbi fejl\u0151d\u00e9s, felemelked\u00e9s \u00e9rdek\u00e9ben.<br>Folyamatos egy\u00fcttm\u0171k\u00f6d\u00e9st kell kialak\u00edtanunk a v\u00e1llalkoz\u00e1sokkal, civil szervezetekkel, egyh\u00e1zakkal.<br><strong>Fejleszt\u00e9si cselekv\u00e9si program:<\/strong><br>\u2022 A telep\u00fcl\u00e9srendez\u00e9si eszk\u00f6z\u00f6k teljesk\u00f6r\u0171 fel\u00fclvizsg\u00e1lata<br>\u2022 \u00dat- \u00e9s j\u00e1rdah\u00e1l\u00f3zatunk \u00e1llag\u00e1nak meg\u00f3v\u00e1sa, az utc\u00e1kat szeg\u00e9lyez\u0151 v\u00edzelvezet\u0151 \u00e1rok karbantart\u00e1sa<br>\u2022 Belter\u00fcleti v\u00edzelvezet\u00e9ssel kapcsolatos feladatok, pl. a Bendola patak medr\u00e9nek ism\u00e9telt iszaptalan\u00edt\u00e1sa, takar\u00edt\u00e1sa<br>\u2022 K\u00f6z\u00f6ss\u00e9gi h\u00e1z \u00e9s Faluh\u00e1z \u00e1llagmeg\u00f3v\u00e1sa, k\u00fcls\u0151-bels\u0151 fel\u00faj\u00edt\u00e1si munk\u00e1latai<br>\u2022 a Sz\u00ednh\u00e1zterem \u00e9s el\u0151ter\u00e9nek s annak vizesblokkjainak \u00e1llagmeg\u00f3v\u00e1sa, korszer\u0171s\u00edt\u00e9se, fel\u00faj\u00edt\u00e1sa,<br>\u2022 a m\u00e1r kialak\u00edtott konyhai kiszolg\u00e1l\u00f3helyis\u00e9g tov\u00e1bbi fejleszt\u00e9se a hidegburkolat fel\u00faj\u00edt\u00e1s\u00e1val \u00e9s \u00faj, kornak megfelel\u0151 eszk\u00f6z\u00f6k beszerz\u00e9s\u00e9vel.<br>\u2022 Ker\u00e9kp\u00e1r\u00fat tov\u00e1bbi fejleszt\u00e9se<br>\u2022 a ker\u00e9kp\u00e1r\u00fat ment\u00e9n a megvil\u00e1g\u00edt\u00e1st kialak\u00edtani napelemes l\u00e1mpatestekkel,<br>\u2022 foszforeszk\u00e1l\u00f3 \u00fatburkolati felfest\u00e9sekkel seg\u00edteni a hat\u00e9konyabb \u00e9s balesetmentes k\u00f6zleked\u00e9st.<br>\u2022 J\u00e1tsz\u00f3t\u00e9r b\u0151v\u00edt\u00e9se, fejleszt\u00e9se<br>\u2022 a homokoz\u00f3 fejleszt\u00e9se, napvitorla \u00e1rny\u00e9kol\u00e1s ki\u00e9p\u00edt\u00e9se<br>\u2022 pumpap\u00e1lya ki\u00e9p\u00edt\u00e9se, \u00e9s kondieszk\u00f6z\u00f6k elhelyez\u00e9se<br>\u2022 A telep\u00fcl\u00e9s k\u00f6zvil\u00e1g\u00edt\u00e1s\u00e1nak b\u0151v\u00edt\u00e9se, energiatakar\u00e9kos technol\u00f3gi\u00e1val t\u00f6rt\u00e9n\u0151 ell\u00e1t\u00e1sa<br>\u2022 A Szent Istv\u00e1n Park z\u00f6ldes\u00edt\u00e9se, vir\u00e1gos\u00edt\u00e1sa, n\u00e9z\u0151ter\u00e9nek \u00e9s h\u00e1ts\u00f3 bej\u00e1rat\u00e1nak korszer\u0171s\u00edt\u00e9se, valamint a ter\u00fclet\u00e9n tal\u00e1lhat\u00f3 \u00e9p\u00fclet megv\u00e1s\u00e1rl\u00e1sa, annak \u00e9s k\u00f6rnyezet\u00e9nek rendbe t\u00e9tele<br>\u2022 Hullad\u00e9kgy\u0171jt\u0151 ed\u00e9nyek cser\u00e9je<br>\u2022 Telep\u00fcl\u00e9s\u00fcnk ter\u00fclet\u00e9n kihelyezett f\u00e1b\u00f3l k\u00e9sz\u00fclt elemek karbantart\u00e1sa<br>\u2022 F\u00e1s\u00edt\u00e1s, vir\u00e1gos\u00edt\u00e1s, valamint az el\u0151z\u0151 \u00e9vekben sz\u00fcletett gyermekek tisztelet\u00e9re \u201e\u00dajsz\u00fcl\u00f6ttek tisztelet\u00e9re!\u201d egy kov\u00e1csoltvasb\u00f3l k\u00e9sz\u00edtett \u201e\u00e9letfa\u201d l\u00e9trehoz\u00e1sa<br>\u2022 Nyitott \u00fcgyf\u00e9lk\u00f6zpont\u00fa k\u00f6zszolg\u00e1lat<br>\u2022 A szoci\u00e1lis ter\u00fcleten a lakoss\u00e1gi juttat\u00e1sok \u00e9s t\u00e1mogat\u00e1sok szinten tart\u00e1sa<br>\u2022 \u00d6nkorm\u00e1nyzati telep\u00fcl\u00e9si t\u00e1mogat\u00e1sok, kommun\u00e1lis hullad\u00e9ksz\u00e1ll\u00edt\u00e1s t\u00e1mogat\u00e1sa<br>\u2022 Bursa Hungarica \u00f6szt\u00f6nd\u00edjrendszerhez \u00e9s az Arany J\u00e1nos Tehets\u00e9ggondoz\u00f3 Programhoz t\u00f6rt\u00e9n\u0151 csatlakoz\u00e1s biztos\u00edt\u00e1sa a j\u00f6v\u0151ben is<br>\u2022 Kir\u00e1lyszentistv\u00e1ni di\u00e1kok r\u00e9sz\u00e9re a k\u00f6telez\u0151 k\u00f6z\u00f6ss\u00e9gi munka lehet\u0151s\u00e9g\u00e9nek biztos\u00edt\u00e1sa<br>\u2022 Sz\u0171r\u0151vizsg\u00e1latok szervez\u00e9se, eg\u00e9szs\u00e9gfejleszt\u00e9ssel kapcsolatos lehet\u0151s\u00e9gek biztos\u00edt\u00e1sa, prevenci\u00f3s programok szervez\u00e9se<br>\u2022 Nemzeti \u00fcnnepeinkr\u0151l a j\u00f6v\u0151ben is m\u00e9lt\u00f3 m\u00f3don meg kell eml\u00e9kezni \u00e9s tov\u00e1bbra is meg kell szervezni hagyom\u00e1nyos programjainkat<br>\u2022 Kir\u00e1lyszentistv\u00e1n t\u00f6rt\u00e9nete k\u00e9pekben c. k\u00f6tet kiad\u00e1sa<br>\u2022 Egy\u00fcttm\u0171k\u00f6d\u00e9s a rend\u0151rs\u00e9ggel \u00e9s a helyi polg\u00e1r\u0151r egyes\u00fclettel, civil szervezetekkel, egyh\u00e1zakkal<br>\u2022 K\u00f6zleked\u0151k sebess\u00e9g\u00e9nek lass\u00edt\u00e1sa a telep\u00fcl\u00e9s eg\u00e9sz ter\u00fclet\u00e9n pl. \u201eLass\u00edts!\u201d, vagy \u201eVigy\u00e1zz, gyerekek!\u201d f\u00e9nyjelz\u0151 figyelemfelh\u00edv\u00f3 eszk\u00f6z\u00f6kkel, fekv\u0151rend\u0151rrel<br>\u2022 A 2024-2029-es t\u00e1mogat\u00e1si id\u0151szakban megjelen\u0151 p\u00e1ly\u00e1zati lehet\u0151s\u00e9gek min\u00e9l hat\u00e9konyabb kihaszn\u00e1l\u00e1sa<\/p>\n\n\n\n<p class=\"has-text-color has-link-color wp-elements-fe18c3637310d94ff46f670876936e7e\" style=\"color:#aa8114\">Kir\u00e1lyszentistv\u00e1n, 2025. janu\u00e1r 21.<\/p>\n\n\n\n<p class=\"has-text-align-right has-text-color has-link-color wp-elements-bbe92aa31ae02ff070227f1eb8cc5832\" style=\"color:#aa8114\">K\u0151szegi Ilona<br>polg\u00e1rmester<\/p>\n\n\n\n<p class=\"has-text-color has-link-color wp-elements-083842079fca78445307c8a0468633e0\" style=\"color:#aa8114\"><\/p>\n","protected":false},"excerpt":{"rendered":"<p>Kir\u00e1lyszentistv\u00e1n K\u00f6zs\u00e9g K\u00e9pvisel\u0151-Test\u00fclet\u00e9nek Ciklusprogramja 2024 &#8211; 2029 \u00e9vekre A kir\u00e1lyszentistv\u00e1ni \u00f6nkorm\u00e1nyzat v\u00e1laszt\u00e1si ciklusra vonatkoz\u00f3 ciklusprogramj\u00e1nak alapvet\u0151 feladata a k\u00f6zs\u00e9gi int\u00e9zm\u00e9nyh\u00e1l\u00f3zat folyamatos \u00e9s z\u00f6kken\u0151mentes m\u0171k\u00f6dtet\u00e9s\u00e9nek biztos\u00edt\u00e1sa, valamint az \u00f6nkorm\u00e1nyzatokra h\u00e1rul\u00f3 k\u00f6telez\u0151 \u00e9s \u00f6nk\u00e9nt<a class=\"moretag\" href=\"https:\/\/www.kiralyszentistvan.hu\/kiraly\/ciklusprogram-2024-2029\/\">Tov\u00e1bbi inform\u00e1ci\u00f3\u2026<\/a><\/p>\n","protected":false},"author":1,"featured_media":0,"parent":0,"menu_order":0,"comment_status":"closed","ping_status":"closed","template":"","meta":{"footnotes":""},"class_list":["post-824","page","type-page","status-publish","hentry"],"featured_image_src":null,"featured_image_src_square":null,"_links":{"self":[{"href":"https:\/\/www.kiralyszentistvan.hu\/kiraly\/wp-json\/wp\/v2\/pages\/824","targetHints":{"allow":["GET"]}}],"collection":[{"href":"https:\/\/www.kiralyszentistvan.hu\/kiraly\/wp-json\/wp\/v2\/pages"}],"about":[{"href":"https:\/\/www.kiralyszentistvan.hu\/kiraly\/wp-json\/wp\/v2\/types\/page"}],"author":[{"embeddable":true,"href":"https:\/\/www.kiralyszentistvan.hu\/kiraly\/wp-json\/wp\/v2\/users\/1"}],"replies":[{"embeddable":true,"href":"https:\/\/www.kiralyszentistvan.hu\/kiraly\/wp-json\/wp\/v2\/comments?post=824"}],"version-history":[{"count":1,"href":"https:\/\/www.kiralyszentistvan.hu\/kiraly\/wp-json\/wp\/v2\/pages\/824\/revisions"}],"predecessor-version":[{"id":825,"href":"https:\/\/www.kiralyszentistvan.hu\/kiraly\/wp-json\/wp\/v2\/pages\/824\/revisions\/825"}],"wp:attachment":[{"href":"https:\/\/www.kiralyszentistvan.hu\/kiraly\/wp-json\/wp\/v2\/media?parent=824"}],"curies":[{"name":"wp","href":"https:\/\/api.w.org\/{rel}","templated":true}]}}

<p class="has-text-align-center has-text-color has-link-color has-large-font-size wp-elements-404fc2783099737b19ff98747e4a8374" style="color:#aa8114"><strong>Királyszentistván Község Képviselő-Testületének </strong></p>



<p class="has-text-align-center has-text-color has-link-color has-medium-font-size wp-elements-4df65c5117ad8aceec7f843532395644" style="color:#aa8114"><strong>Ciklusprogramja</strong></p>



<p class="has-text-align-center has-text-color has-link-color has-medium-font-size wp-elements-6b022bdb69b48936f77aa6a195cac80f" style="color:#aa8114"><strong>2024 &#8211; 2029 évekre</strong></p>



<p class="has-text-color has-link-color wp-elements-867aeb90a0d21799d52015bb40d3b43e" style="color:#aa8114">A királyszentistváni önkormányzat választási ciklusra vonatkozó ciklusprogramjának alapvető feladata a községi intézményhálózat folyamatos és zökkenőmentes működtetésének biztosítása, valamint az önkormányzatokra háruló kötelező és önként vállalható feladatok minél szélesebb körű ellátása, a korábbi évekhez hasonló racionális gazdálkodás biztosítása mellett.<br>Fő célkitűzésünk a fejlesztés és közösségépítés, melyekhez megfelelő cselekvési programot kell kidolgoznunk, és fel kell tárni a község lehetőségeit, valamint a helyi adottságokat és erőforrásokat a további fejlődés, felemelkedés érdekében.<br>Folyamatos együttműködést kell kialakítanunk a vállalkozásokkal, civil szervezetekkel, egyházakkal.<br><strong>Fejlesztési cselekvési program:</strong><br>• A településrendezési eszközök teljeskörű felülvizsgálata<br>• Út- és járdahálózatunk állagának megóvása, az utcákat szegélyező vízelvezető árok karbantartása<br>• Belterületi vízelvezetéssel kapcsolatos feladatok, pl. a Bendola patak medrének ismételt iszaptalanítása, takarítása<br>• Közösségi ház és Faluház állagmegóvása, külső-belső felújítási munkálatai<br>• a Színházterem és előterének s annak vizesblokkjainak állagmegóvása, korszerűsítése, felújítása,<br>• a már kialakított konyhai kiszolgálóhelyiség további fejlesztése a hidegburkolat felújításával és új, kornak megfelelő eszközök beszerzésével.<br>• Kerékpárút további fejlesztése<br>• a kerékpárút mentén a megvilágítást kialakítani napelemes lámpatestekkel,<br>• foszforeszkáló útburkolati felfestésekkel segíteni a hatékonyabb és balesetmentes közlekedést.<br>• Játszótér bővítése, fejlesztése<br>• a homokozó fejlesztése, napvitorla árnyékolás kiépítése<br>• pumpapálya kiépítése, és kondieszközök elhelyezése<br>• A település közvilágításának bővítése, energiatakarékos technológiával történő ellátása<br>• A Szent István Park zöldesítése, virágosítása, nézőterének és hátsó bejáratának korszerűsítése, valamint a területén található épület megvásárlása, annak és környezetének rendbe tétele<br>• Hulladékgyűjtő edények cseréje<br>• Településünk területén kihelyezett fából készült elemek karbantartása<br>• Fásítás, virágosítás, valamint az előző években született gyermekek tiszteletére „Újszülöttek tiszteletére!” egy kovácsoltvasból készített „életfa” létrehozása<br>• Nyitott ügyfélközpontú közszolgálat<br>• A szociális területen a lakossági juttatások és támogatások szinten tartása<br>• Önkormányzati települési támogatások, kommunális hulladékszállítás támogatása<br>• Bursa Hungarica ösztöndíjrendszerhez és az Arany János Tehetséggondozó Programhoz történő csatlakozás biztosítása a jövőben is<br>• Királyszentistváni diákok részére a kötelező közösségi munka lehetőségének biztosítása<br>• Szűrővizsgálatok szervezése, egészségfejlesztéssel kapcsolatos lehetőségek biztosítása, prevenciós programok szervezése<br>• Nemzeti ünnepeinkről a jövőben is méltó módon meg kell emlékezni és továbbra is meg kell szervezni hagyományos programjainkat<br>• Királyszentistván története képekben c. kötet kiadása<br>• Együttműködés a rendőrséggel és a helyi polgárőr egyesülettel, civil szervezetekkel, egyházakkal<br>• Közlekedők sebességének lassítása a település egész területén pl. „Lassíts!”, vagy „Vigyázz, gyerekek!” fényjelző figyelemfelhívó eszközökkel, fekvőrendőrrel<br>• A 2024-2029-es támogatási időszakban megjelenő pályázati lehetőségek minél hatékonyabb kihasználása</p>



<p class="has-text-color has-link-color wp-elements-fe18c3637310d94ff46f670876936e7e" style="color:#aa8114">Királyszentistván, 2025. január 21.</p>



<p class="has-text-align-right has-text-color has-link-color wp-elements-bbe92aa31ae02ff070227f1eb8cc5832" style="color:#aa8114">Kőszegi Ilona<br>polgármester</p>



<p class="has-text-color has-link-color wp-elements-083842079fca78445307c8a0468633e0" style="color:#aa8114"></p>

<p>Királyszentistván Község Képviselő-Testületének Ciklusprogramja 2024 &#8211; 2029 évekre A királyszentistváni önkormányzat választási ciklusra vonatkozó ciklusprogramjának alapvető feladata a községi intézményhálózat folyamatos és zökkenőmentes működtetésének biztosítása, valamint az önkormányzatokra háruló kötelező és önként<a class="moretag" href="https://www.kiralyszentistvan.hu/kiraly/ciklusprogram-2024-2029/">További információ…</a></p>
