{"id":79,"date":"2017-11-12T08:14:20","date_gmt":"2017-11-12T08:14:20","guid":{"rendered":"http:\/\/www.kiralyszentistvan.hu\/kiraly\/?page_id=79"},"modified":"2025-01-22T17:13:32","modified_gmt":"2025-01-22T17:13:32","slug":"aktualis","status":"publish","type":"page","link":"https:\/\/www.kiralyszentistvan.hu\/kiraly\/aktualis\/","title":{"rendered":"Aktu\u00e1lis"},"content":{"rendered":"<p><a href=\"http:\/\/www.kiralyszentistvan.hu\/data\/onkormanyzat\/aktualis\/2017\/Allashirdetes%20-Szamviteli-ugyintezo.pdf\">\u00c1ll\u00e1slehet\u0151s\u00e9g &#8211; Sz\u00e1mviteli &#8211; P\u00e9nz\u00fcgyi munkak\u00f6r<\/a><br \/><a href=\"http:\/\/www.kiralyszentistvan.hu\/data\/onkormanyzat\/aktualis\/2017\/XXV.SzentIstvanNapok_2017.jpg\">XXV. Jubileumi Szent Istv\u00e1n Napok<\/a><br \/><a href=\"http:\/\/www.kiralyszentistvan.hu\/data\/onkormanyzat\/aktualis\/2017\/Tuzmegelozesi_program.pdf\">T\u0171zmegel\u0151z\u00e9si program<\/a><br \/><a href=\"http:\/\/www.kiralyszentistvan.hu\/data\/onkormanyzat\/aktualis\/2017\/Ajanlatteteli_felhivas-teli_hotolas-Soly.pdf\">Aj\u00e1nlatt\u00e9tel felh\u00edv\u00e1s S\u00f3ly, h\u00f3tol\u00e1s<\/a><br \/><a href=\"http:\/\/www.kiralyszentistvan.hu\/data\/onkormanyzat\/aktualis\/2017\/Bursa_Palyazati-kiiras.pdf\">BURSA p\u00e1ly\u00e1zat ki\u00edr\u00e1s<\/a><br \/><a href=\"http:\/\/www.kiralyszentistvan.hu\/data\/onkormanyzat\/aktualis\/2017\/palyazati-tajekoztato-intezkedes.pdf\">Bakony \u00e9s Balaton p\u00e1ly\u00e1zati felh\u00edv\u00e1s<\/a><br \/><a href=\"http:\/\/www.kiralyszentistvan.hu\/data\/onkormanyzat\/aktualis\/2017\/forum&amp;meghivo.pdf\">Bakony \u00e9s Balaton f\u00f3rum megh\u00edv\u00f3<\/a><br \/><a href=\"http:\/\/www.kiralyszentistvan.hu\/data\/onkormanyzat\/aktualis\/2017\/Meghivo_lakossagi-forumra.jpg\">Megh\u00edv\u00f3 Lakoss\u00e1gi f\u00f3rumra<\/a><\/p>\n<p>\u00a0&#8211; 2025 &#8211;<\/p>\n<p><a href=\"https:\/\/kiralyszentistvan.hu\/data\/onkormanyzat\/aktualis\/2025\/Telepulesrendezesiterv_felulvizsgalata.pdf\">Telep\u00fcl\u00e9srendez\u00e9si terv fel\u00fclvizsg\u00e1lata<\/a><br \/><a href=\"https:\/\/kiralyszentistvan.hu\/data\/onkormanyzat\/aktualis\/2025\/Telepulesrendezesiterv_lakossag.pdf\">Telep\u00fcl\u00e9srendez\u00e9si terv fel\u00fclvizsg\u00e1lata &#8211; Lakoss\u00e1g r\u00e9sz\u00e9re<\/a><\/p>\n\n\n<p><\/p>\n","protected":false},"excerpt":{"rendered":"<p>\u00c1ll\u00e1slehet\u0151s\u00e9g &#8211; Sz\u00e1mviteli &#8211; P\u00e9nz\u00fcgyi munkak\u00f6rXXV. Jubileumi Szent Istv\u00e1n NapokT\u0171zmegel\u0151z\u00e9si programAj\u00e1nlatt\u00e9tel felh\u00edv\u00e1s S\u00f3ly, h\u00f3tol\u00e1sBURSA p\u00e1ly\u00e1zat ki\u00edr\u00e1sBakony \u00e9s Balaton p\u00e1ly\u00e1zati felh\u00edv\u00e1sBakony \u00e9s Balaton f\u00f3rum megh\u00edv\u00f3Megh\u00edv\u00f3 Lakoss\u00e1gi f\u00f3rumra \u00a0&#8211; 2025 &#8211; Telep\u00fcl\u00e9srendez\u00e9si terv fel\u00fclvizsg\u00e1lataTelep\u00fcl\u00e9srendez\u00e9si<a class=\"moretag\" href=\"https:\/\/www.kiralyszentistvan.hu\/kiraly\/aktualis\/\">Tov\u00e1bbi inform\u00e1ci\u00f3\u2026<\/a><\/p>\n","protected":false},"author":1,"featured_media":0,"parent":0,"menu_order":0,"comment_status":"closed","ping_status":"closed","template":"","meta":{"footnotes":""},"class_list":["post-79","page","type-page","status-publish","hentry"],"featured_image_src":null,"featured_image_src_square":null,"_links":{"self":[{"href":"https:\/\/www.kiralyszentistvan.hu\/kiraly\/wp-json\/wp\/v2\/pages\/79","targetHints":{"allow":["GET"]}}],"collection":[{"href":"https:\/\/www.kiralyszentistvan.hu\/kiraly\/wp-json\/wp\/v2\/pages"}],"about":[{"href":"https:\/\/www.kiralyszentistvan.hu\/kiraly\/wp-json\/wp\/v2\/types\/page"}],"author":[{"embeddable":true,"href":"https:\/\/www.kiralyszentistvan.hu\/kiraly\/wp-json\/wp\/v2\/users\/1"}],"replies":[{"embeddable":true,"href":"https:\/\/www.kiralyszentistvan.hu\/kiraly\/wp-json\/wp\/v2\/comments?post=79"}],"version-history":[{"count":6,"href":"https:\/\/www.kiralyszentistvan.hu\/kiraly\/wp-json\/wp\/v2\/pages\/79\/revisions"}],"predecessor-version":[{"id":798,"href":"https:\/\/www.kiralyszentistvan.hu\/kiraly\/wp-json\/wp\/v2\/pages\/79\/revisions\/798"}],"wp:attachment":[{"href":"https:\/\/www.kiralyszentistvan.hu\/kiraly\/wp-json\/wp\/v2\/media?parent=79"}],"curies":[{"name":"wp","href":"https:\/\/api.w.org\/{rel}","templated":true}]}}

Aktuális

<p><a href="http://www.kiralyszentistvan.hu/data/onkormanyzat/aktualis/2017/Allashirdetes%20-Szamviteli-ugyintezo.pdf">Álláslehetőség &#8211; Számviteli &#8211; Pénzügyi munkakör</a><br /><a href="http://www.kiralyszentistvan.hu/data/onkormanyzat/aktualis/2017/XXV.SzentIstvanNapok_2017.jpg">XXV. Jubileumi Szent István Napok</a><br /><a href="http://www.kiralyszentistvan.hu/data/onkormanyzat/aktualis/2017/Tuzmegelozesi_program.pdf">Tűzmegelőzési program</a><br /><a href="http://www.kiralyszentistvan.hu/data/onkormanyzat/aktualis/2017/Ajanlatteteli_felhivas-teli_hotolas-Soly.pdf">Ajánlattétel felhívás Sóly, hótolás</a><br /><a href="http://www.kiralyszentistvan.hu/data/onkormanyzat/aktualis/2017/Bursa_Palyazati-kiiras.pdf">BURSA pályázat kiírás</a><br /><a href="http://www.kiralyszentistvan.hu/data/onkormanyzat/aktualis/2017/palyazati-tajekoztato-intezkedes.pdf">Bakony és Balaton pályázati felhívás</a><br /><a href="http://www.kiralyszentistvan.hu/data/onkormanyzat/aktualis/2017/forum&amp;meghivo.pdf">Bakony és Balaton fórum meghívó</a><br /><a href="http://www.kiralyszentistvan.hu/data/onkormanyzat/aktualis/2017/Meghivo_lakossagi-forumra.jpg">Meghívó Lakossági fórumra</a></p>
<p> &#8211; 2025 &#8211;</p>
<p><a href="https://kiralyszentistvan.hu/data/onkormanyzat/aktualis/2025/Telepulesrendezesiterv_felulvizsgalata.pdf">Településrendezési terv felülvizsgálata</a><br /><a href="https://kiralyszentistvan.hu/data/onkormanyzat/aktualis/2025/Telepulesrendezesiterv_lakossag.pdf">Településrendezési terv felülvizsgálata &#8211; Lakosság részére</a></p>


<p></p>

<p>Álláslehetőség &#8211; Számviteli &#8211; Pénzügyi munkakörXXV. Jubileumi Szent István NapokTűzmegelőzési programAjánlattétel felhívás Sóly, hótolásBURSA pályázat kiírásBakony és Balaton pályázati felhívásBakony és Balaton fórum meghívóMeghívó Lakossági fórumra  &#8211; 2025 &#8211; Településrendezési terv felülvizsgálataTelepülésrendezési<a class="moretag" href="https://www.kiralyszentistvan.hu/kiraly/aktualis/">További információ…</a></p>
