{"id":707,"date":"2024-08-16T18:19:12","date_gmt":"2024-08-16T18:19:12","guid":{"rendered":"http:\/\/www.kiralyszentistvan.hu\/kiraly\/?page_id=707"},"modified":"2025-11-05T16:07:28","modified_gmt":"2025-11-05T16:07:28","slug":"palyazatok","status":"publish","type":"page","link":"https:\/\/www.kiralyszentistvan.hu\/kiraly\/palyazatok\/","title":{"rendered":"P\u00e1ly\u00e1zatok"},"content":{"rendered":"\n<p><a href=\"https:\/\/kiralyszentistvan.hu\/data\/onkormanyzat\/szerzodesek\/2024\/Helyi_identitast%20_2019.pdf\">Helyi identit\u00e1st \u00e9s k\u00f6z\u00f6ss\u00e9gi egy\u00fcttm\u0171k\u00f6d\u00e9st seg\u00edt\u0151 fejleszt\u00e9sek t\u00e1mogat\u00e1sa<\/a><br><a href=\"https:\/\/kiralyszentistvan.hu\/data\/onkormanyzat\/szerzodesek\/2024\/Faluhazak_felujitasa_2020.pdf\">Faluh\u00e1zak fel\u00faj\u00edt\u00e1sa<\/a><br><a href=\"https:\/\/kiralyszentistvan.hu\/data\/onkormanyzat\/szerzodesek\/2024\/Onkormanyzati_jardaepit%C3%A9s_2020.pdf\">\u00d6nkorm\u00e1nyzati j\u00e1rda\u00e9p\u00edt\u00e9s<\/a><br><a href=\"https:\/\/kiralyszentistvan.hu\/data\/onkormanyzat\/szerzodesek\/2024\/Kistelepulesi_onkormanyzati_rendezvenyek_tamogatasa_2021.pdf\">Kistelep\u00fcl\u00e9si \u00d6nkorm\u00e1nyzati rendezv\u00e9nyek t\u00e1mogat\u00e1sa<\/a><br><a href=\"https:\/\/kiralyszentistvan.hu\/data\/onkormanyzat\/szerzodesek\/2024\/Kommunalis_eszkoz_beszerzese_2021.pdf\">Kommun\u00e1lis eszk\u00f6z beszerz\u00e9se<\/a><br><a href=\"https:\/\/kiralyszentistvan.hu\/data\/onkormanyzat\/szerzodesek\/2024\/Ovodai_jatszoudvar_kozteruleti_jatszoter_fejlesztese_2021.pdf\">\u00d3vodai j\u00e1tsz\u00f3udvar \u00e9s k\u00f6zter\u00fcleti j\u00e1tsz\u00f3t\u00e9r fejleszt\u00e9se<\/a><br><a href=\"https:\/\/kiralyszentistvan.hu\/data\/onkormanyzat\/szerzodesek\/2024\/Kozossegszervezeshez_kapcsolodo_eszkozbeszerzes_2022.pdf\">K\u00f6z\u00f6ss\u00e9gszervez\u00e9shez kapcsol\u00f3d\u00f3 eszk\u00f6zbeszerz\u00e9s<\/a><br><a href=\"https:\/\/kiralyszentistvan.hu\/data\/onkormanyzat\/szerzodesek\/2024\/Onkormanyzati_ingatlanok_fejleszt%C3%A9se_2024.pdf\">\u00d6nkorm\u00e1nyzati ingatlanok fejleszt\u00e9se<\/a><br><a href=\"https:\/\/kiralyszentistvan.hu\/data\/versenykepes_jarasok\/2025\/2025-%20VJP%20-%20eszk%C3%B6zbeszerz%C3%A9s.docx\">Versenyk\u00e9pes J\u00e1r\u00e1sok Eszk\u00f6zbeszerz\u00e9s<\/a><\/p>\n\n\n\n<p><br><\/p>\n\n\n\n<p><\/p>\n","protected":false},"excerpt":{"rendered":"<p>Helyi identit\u00e1st \u00e9s k\u00f6z\u00f6ss\u00e9gi egy\u00fcttm\u0171k\u00f6d\u00e9st seg\u00edt\u0151 fejleszt\u00e9sek t\u00e1mogat\u00e1saFaluh\u00e1zak fel\u00faj\u00edt\u00e1sa\u00d6nkorm\u00e1nyzati j\u00e1rda\u00e9p\u00edt\u00e9sKistelep\u00fcl\u00e9si \u00d6nkorm\u00e1nyzati rendezv\u00e9nyek t\u00e1mogat\u00e1saKommun\u00e1lis eszk\u00f6z beszerz\u00e9se\u00d3vodai j\u00e1tsz\u00f3udvar \u00e9s k\u00f6zter\u00fcleti j\u00e1tsz\u00f3t\u00e9r fejleszt\u00e9seK\u00f6z\u00f6ss\u00e9gszervez\u00e9shez kapcsol\u00f3d\u00f3 eszk\u00f6zbeszerz\u00e9s\u00d6nkorm\u00e1nyzati ingatlanok fejleszt\u00e9seVersenyk\u00e9pes J\u00e1r\u00e1sok Eszk\u00f6zbeszerz\u00e9s<\/p>\n","protected":false},"author":1,"featured_media":0,"parent":0,"menu_order":0,"comment_status":"closed","ping_status":"closed","template":"","meta":{"footnotes":""},"class_list":["post-707","page","type-page","status-publish","hentry"],"featured_image_src":null,"featured_image_src_square":null,"_links":{"self":[{"href":"https:\/\/www.kiralyszentistvan.hu\/kiraly\/wp-json\/wp\/v2\/pages\/707","targetHints":{"allow":["GET"]}}],"collection":[{"href":"https:\/\/www.kiralyszentistvan.hu\/kiraly\/wp-json\/wp\/v2\/pages"}],"about":[{"href":"https:\/\/www.kiralyszentistvan.hu\/kiraly\/wp-json\/wp\/v2\/types\/page"}],"author":[{"embeddable":true,"href":"https:\/\/www.kiralyszentistvan.hu\/kiraly\/wp-json\/wp\/v2\/users\/1"}],"replies":[{"embeddable":true,"href":"https:\/\/www.kiralyszentistvan.hu\/kiraly\/wp-json\/wp\/v2\/comments?post=707"}],"version-history":[{"count":3,"href":"https:\/\/www.kiralyszentistvan.hu\/kiraly\/wp-json\/wp\/v2\/pages\/707\/revisions"}],"predecessor-version":[{"id":942,"href":"https:\/\/www.kiralyszentistvan.hu\/kiraly\/wp-json\/wp\/v2\/pages\/707\/revisions\/942"}],"wp:attachment":[{"href":"https:\/\/www.kiralyszentistvan.hu\/kiraly\/wp-json\/wp\/v2\/media?parent=707"}],"curies":[{"name":"wp","href":"https:\/\/api.w.org\/{rel}","templated":true}]}}