{"id":355,"date":"2022-06-18T04:32:36","date_gmt":"2022-06-18T04:32:36","guid":{"rendered":"http:\/\/www.kiralyszentistvan.hu\/kiraly\/?page_id=355"},"modified":"2022-06-18T05:01:24","modified_gmt":"2022-06-18T05:01:24","slug":"polgarmesteri-hatarozatok-2020","status":"publish","type":"page","link":"https:\/\/www.kiralyszentistvan.hu\/kiraly\/polgarmesteri-hatarozatok-2020\/","title":{"rendered":"Polg\u00e1rmesteri hat\u00e1rozatok 2020"},"content":{"rendered":"\n<p>29. Polg\u00e1rmesteri hat\u00e1rozat &#8212; <\/p>\n\n\n\n<p><a href=\"http:\/\/kiralyszentistvan.hu\/data\/pm-hatarozatok\/29-pm\/29-Pm%20hat.pdf\">Hat\u00e1rozat<\/a> &#8212; <\/p>\n\n\n\n<p><a href=\"http:\/\/kiralyszentistvan.hu\/data\/pm-hatarozatok\/29-pm\/elokeszito-irat.docx\">El\u0151k\u00e9sz\u00edt\u0151 irat<\/a> &#8212; <\/p>\n\n\n\n<p><a href=\"http:\/\/kiralyszentistvan.hu\/data\/pm-hatarozatok\/29-pm\/elokeszito-2020.06.09.docx\">El\u0151k\u00e9sz\u00edt\u0151 irat 2020.06.09<\/a> &#8212; <\/p>\n\n\n\n<p><a href=\"http:\/\/kiralyszentistvan.hu\/data\/pm-hatarozatok\/29-pm\/KSZR-taj.pdf\">KSZR-taj<\/a> \u00a0 <\/p>\n\n\n\n<p>30. Polg\u00e1rmesteri hat\u00e1rozat &#8212; <\/p>\n\n\n\n<p><a href=\"http:\/\/kiralyszentistvan.hu\/data\/pm-hatarozatok\/30-pm\/PM-30-hat.pdf\">Hat\u00e1rozat<\/a> &#8212; <\/p>\n\n\n\n<p><a href=\"http:\/\/kiralyszentistvan.hu\/data\/pm-hatarozatok\/30-pm\/elokeszito-irat.pdf\">El\u0151k\u00e9sz\u00edt\u0151 irat<\/a> \u00a0 <\/p>\n\n\n\n<p>Polg\u00e1rmesteri hat\u00e1rozat 2020.11.18 &#8212;<\/p>\n\n\n\n<p> <a href=\"http:\/\/kiralyszentistvan.hu\/data\/pm-hatarozatok\/2020\/11-18\/PM_11-18.pd\">Hat\u00e1rozat<\/a> \u00a0 <\/p>\n\n\n\n<p>Polg\u00e1rmesteri hat\u00e1rozat 2020.11.24<br>&#8212; <a href=\"http:\/\/kiralyszentistvan.hu\/data\/pm-hatarozatok\/2020\/11-24\/1_PM_11-24..pdf\">Hat\u00e1rozat 1<\/a> Megh\u00edv\u00f3 &#8212; <\/p>\n\n\n\n<p><a href=\"http:\/\/kiralyszentistvan.hu\/data\/pm-hatarozatok\/2020\/11-24\/2_PM_11-24.pdf\">Hat\u00e1rozat 2<\/a> Polg\u00e1rmesteri hat\u00e1rozat JKV &#8212;<\/p>\n\n\n\n<p> <a href=\"http:\/\/kiralyszentistvan.hu\/data\/pm-hatarozatok\/2020\/11-24\/3_PM_11-24.pdf\">Hat\u00e1rozat 3<\/a> El\u0151k\u00e9sz\u00edt\u0151 irat 1 &#8212; <\/p>\n\n\n\n<p><a href=\"http:\/\/kiralyszentistvan.hu\/data\/pm-hatarozatok\/2020\/11-24\/4_PM_11-24.pdf\">Hat\u00e1rozat 4<\/a> El\u0151k\u00e9sz\u00edt\u0151 irat 2 &#8212; <\/p>\n\n\n\n<p><a href=\"http:\/\/kiralyszentistvan.hu\/data\/pm-hatarozatok\/2020\/11-24\/5_PM_11-24.pdf\">Hat\u00e1rozat 5<\/a> El\u0151k\u00e9sz\u00edt\u0151 irat 3 &#8212; <\/p>\n\n\n\n<p><a href=\"http:\/\/kiralyszentistvan.hu\/data\/pm-hatarozatok\/2020\/11-24\/6_PM_11-24.pdf\">Hat\u00e1rozat 6<\/a> El\u0151k\u00e9sz\u00edt\u0151 irat 4 &#8212; <\/p>\n\n\n\n<p><a href=\"http:\/\/kiralyszentistvan.hu\/data\/pm-hatarozatok\/2020\/11-24\/7_PM_11-24.pdf\">Hat\u00e1rozat 7<\/a> El\u0151k\u00e9sz\u00edt\u0151 irat 5 &#8212;<a href=\"http:\/\/kiralyszentistvan.hu\/data\/pm-hatarozatok\/2020\/11-24\/8_PM_11-24.pdf\"> <\/a><\/p>\n\n\n\n<p><a href=\"http:\/\/kiralyszentistvan.hu\/data\/pm-hatarozatok\/2020\/11-24\/8_PM_11-24.pdf\">Hat\u00e1rozat 8<\/a> El\u0151k\u00e9sz\u00edt\u0151 irat 6 &#8212; <\/p>\n\n\n\n<p><a href=\"http:\/\/kiralyszentistvan.hu\/data\/pm-hatarozatok\/2020\/11-24\/9_PM_11-24.pdf\">Hat\u00e1rozat 9<\/a> El\u0151k\u00e9sz\u00edt\u0151 irat 7 &nbsp; <\/p>\n\n\n\n<p>Polg\u00e1rmesteri hat\u00e1rozat 2020.11.27<br>&#8212; <a href=\"http:\/\/kiralyszentistvan.hu\/data\/pm-hatarozatok\/2020\/11-27\/PM_11-27.pdf\">Hat\u00e1rozat<\/a> &nbsp; <\/p>\n\n\n\n<p>Polg\u00e1rmesteri hat\u00e1rozat 2020.12.15<br>&#8212; <a href=\"http:\/\/kiralyszentistvan.hu\/data\/pm-hatarozatok\/2020\/12-15\/PM_12-15.pdf\">Hat\u00e1rozat<\/a> &nbsp; <\/p>\n\n\n\n<p>Polg\u00e1rmesteri hat\u00e1rozat 2020.12.21<br>&#8212; <a href=\"http:\/\/kiralyszentistvan.hu\/data\/pm-hatarozatok\/2020\/12-21\/PM_12-21.pdf\">Hat\u00e1rozat<\/a><\/p>\n","protected":false},"excerpt":{"rendered":"<p>29. Polg\u00e1rmesteri hat\u00e1rozat &#8212; Hat\u00e1rozat &#8212; El\u0151k\u00e9sz\u00edt\u0151 irat &#8212; El\u0151k\u00e9sz\u00edt\u0151 irat 2020.06.09 &#8212; KSZR-taj \u00a0 30. Polg\u00e1rmesteri hat\u00e1rozat &#8212; Hat\u00e1rozat &#8212; El\u0151k\u00e9sz\u00edt\u0151 irat \u00a0 Polg\u00e1rmesteri hat\u00e1rozat 2020.11.18 &#8212; Hat\u00e1rozat \u00a0 Polg\u00e1rmesteri hat\u00e1rozat<a class=\"moretag\" href=\"https:\/\/www.kiralyszentistvan.hu\/kiraly\/polgarmesteri-hatarozatok-2020\/\">Tov\u00e1bbi inform\u00e1ci\u00f3\u2026<\/a><\/p>\n","protected":false},"author":1,"featured_media":0,"parent":0,"menu_order":0,"comment_status":"closed","ping_status":"closed","template":"","meta":{"footnotes":""},"class_list":["post-355","page","type-page","status-publish","hentry"],"featured_image_src":null,"featured_image_src_square":null,"_links":{"self":[{"href":"https:\/\/www.kiralyszentistvan.hu\/kiraly\/wp-json\/wp\/v2\/pages\/355","targetHints":{"allow":["GET"]}}],"collection":[{"href":"https:\/\/www.kiralyszentistvan.hu\/kiraly\/wp-json\/wp\/v2\/pages"}],"about":[{"href":"https:\/\/www.kiralyszentistvan.hu\/kiraly\/wp-json\/wp\/v2\/types\/page"}],"author":[{"embeddable":true,"href":"https:\/\/www.kiralyszentistvan.hu\/kiraly\/wp-json\/wp\/v2\/users\/1"}],"replies":[{"embeddable":true,"href":"https:\/\/www.kiralyszentistvan.hu\/kiraly\/wp-json\/wp\/v2\/comments?post=355"}],"version-history":[{"count":5,"href":"https:\/\/www.kiralyszentistvan.hu\/kiraly\/wp-json\/wp\/v2\/pages\/355\/revisions"}],"predecessor-version":[{"id":374,"href":"https:\/\/www.kiralyszentistvan.hu\/kiraly\/wp-json\/wp\/v2\/pages\/355\/revisions\/374"}],"wp:attachment":[{"href":"https:\/\/www.kiralyszentistvan.hu\/kiraly\/wp-json\/wp\/v2\/media?parent=355"}],"curies":[{"name":"wp","href":"https:\/\/api.w.org\/{rel}","templated":true}]}}

Polgármesteri határozatok 2020

<p>29. Polgármesteri határozat &#8212; </p>



<p><a href="http://kiralyszentistvan.hu/data/pm-hatarozatok/29-pm/29-Pm%20hat.pdf">Határozat</a> &#8212; </p>



<p><a href="http://kiralyszentistvan.hu/data/pm-hatarozatok/29-pm/elokeszito-irat.docx">Előkészítő irat</a> &#8212; </p>



<p><a href="http://kiralyszentistvan.hu/data/pm-hatarozatok/29-pm/elokeszito-2020.06.09.docx">Előkészítő irat 2020.06.09</a> &#8212; </p>



<p><a href="http://kiralyszentistvan.hu/data/pm-hatarozatok/29-pm/KSZR-taj.pdf">KSZR-taj</a>   </p>



<p>30. Polgármesteri határozat &#8212; </p>



<p><a href="http://kiralyszentistvan.hu/data/pm-hatarozatok/30-pm/PM-30-hat.pdf">Határozat</a> &#8212; </p>



<p><a href="http://kiralyszentistvan.hu/data/pm-hatarozatok/30-pm/elokeszito-irat.pdf">Előkészítő irat</a>   </p>



<p>Polgármesteri határozat 2020.11.18 &#8212;</p>



<p> <a href="http://kiralyszentistvan.hu/data/pm-hatarozatok/2020/11-18/PM_11-18.pd">Határozat</a>   </p>



<p>Polgármesteri határozat 2020.11.24<br>&#8212; <a href="http://kiralyszentistvan.hu/data/pm-hatarozatok/2020/11-24/1_PM_11-24..pdf">Határozat 1</a> Meghívó &#8212; </p>



<p><a href="http://kiralyszentistvan.hu/data/pm-hatarozatok/2020/11-24/2_PM_11-24.pdf">Határozat 2</a> Polgármesteri határozat JKV &#8212;</p>



<p> <a href="http://kiralyszentistvan.hu/data/pm-hatarozatok/2020/11-24/3_PM_11-24.pdf">Határozat 3</a> Előkészítő irat 1 &#8212; </p>



<p><a href="http://kiralyszentistvan.hu/data/pm-hatarozatok/2020/11-24/4_PM_11-24.pdf">Határozat 4</a> Előkészítő irat 2 &#8212; </p>



<p><a href="http://kiralyszentistvan.hu/data/pm-hatarozatok/2020/11-24/5_PM_11-24.pdf">Határozat 5</a> Előkészítő irat 3 &#8212; </p>



<p><a href="http://kiralyszentistvan.hu/data/pm-hatarozatok/2020/11-24/6_PM_11-24.pdf">Határozat 6</a> Előkészítő irat 4 &#8212; </p>



<p><a href="http://kiralyszentistvan.hu/data/pm-hatarozatok/2020/11-24/7_PM_11-24.pdf">Határozat 7</a> Előkészítő irat 5 &#8212;<a href="http://kiralyszentistvan.hu/data/pm-hatarozatok/2020/11-24/8_PM_11-24.pdf"> </a></p>



<p><a href="http://kiralyszentistvan.hu/data/pm-hatarozatok/2020/11-24/8_PM_11-24.pdf">Határozat 8</a> Előkészítő irat 6 &#8212; </p>



<p><a href="http://kiralyszentistvan.hu/data/pm-hatarozatok/2020/11-24/9_PM_11-24.pdf">Határozat 9</a> Előkészítő irat 7 &nbsp; </p>



<p>Polgármesteri határozat 2020.11.27<br>&#8212; <a href="http://kiralyszentistvan.hu/data/pm-hatarozatok/2020/11-27/PM_11-27.pdf">Határozat</a> &nbsp; </p>



<p>Polgármesteri határozat 2020.12.15<br>&#8212; <a href="http://kiralyszentistvan.hu/data/pm-hatarozatok/2020/12-15/PM_12-15.pdf">Határozat</a> &nbsp; </p>



<p>Polgármesteri határozat 2020.12.21<br>&#8212; <a href="http://kiralyszentistvan.hu/data/pm-hatarozatok/2020/12-21/PM_12-21.pdf">Határozat</a></p>

<p>29. Polgármesteri határozat &#8212; Határozat &#8212; Előkészítő irat &#8212; Előkészítő irat 2020.06.09 &#8212; KSZR-taj   30. Polgármesteri határozat &#8212; Határozat &#8212; Előkészítő irat   Polgármesteri határozat 2020.11.18 &#8212; Határozat   Polgármesteri határozat<a class="moretag" href="https://www.kiralyszentistvan.hu/kiraly/polgarmesteri-hatarozatok-2020/">További információ…</a></p>
