{"id":273,"date":"2022-02-05T06:50:34","date_gmt":"2022-02-05T06:50:34","guid":{"rendered":"http:\/\/www.kiralyszentistvan.hu\/kiraly\/?page_id=273"},"modified":"2022-02-05T07:03:41","modified_gmt":"2022-02-05T07:03:41","slug":"nyomtatvanyok","status":"publish","type":"page","link":"https:\/\/www.kiralyszentistvan.hu\/kiraly\/nyomtatvanyok\/","title":{"rendered":"Nyomtatv\u00e1nyok"},"content":{"rendered":"\n\t\t\t\t\t\t\t<h3 style=\"margin-bottom:20px ;display:block;width:100%;margin-top:10px\">Nyomtatv\u00e1nyok <\/h3>\r\n\t\t\t\t\t\t\t\t<style>\r\n\t\t\t\t\r\n\t\t\t\t\t#tab_container_275 {\r\n\toverflow:hidden;\r\n\tdisplay:block;\r\n\twidth:100%;\r\n\tborder:0px solid #ddd;\r\n\tmargin-bottom:30px;\r\n\t}\r\n\r\n#tab_container_275 .tab-content{\r\n\tpadding:20px;\r\n\tborder: 1px solid #e6e6e6 !important;\r\n\tmargin-top: 0px;\r\n\tbackground-color:#ffffff !important;\r\n\tcolor: #000000 !important;\r\n\tfont-size:16px !important;\r\n\tfont-family: Georgia !important;\r\n\t\r\n\t\tborder: 1px solid #e6e6e6 !important;\r\n\t}\r\n#tab_container_275 .wpsm_nav-tabs {\r\n    border-bottom: 0px solid #ddd;\r\n}\r\n#tab_container_275 .wpsm_nav-tabs > li.active > a, #tab_container_275 .wpsm_nav-tabs > li.active > a:hover, #tab_container_275 .wpsm_nav-tabs > li.active > a:focus {\r\n\tcolor: #ffffff !important;\r\n\tcursor: default;\r\n\tbackground-color: #916f00 !important;\r\n\tborder: 1px solid #785600 !important;\r\n}\r\n\r\n#tab_container_275 .wpsm_nav-tabs > li > a {\r\n    margin-right: 0px !important; \r\n    line-height: 1.42857143 !important;\r\n    border: 1px solid #d5d5d5 !important;\r\n    border-radius: 0px 0px 0 0 !important; \r\n\tbackground-color: #e8e8e8 !important;\r\n\tcolor: #916f00 !important;\r\n\tpadding: 15px 18px 15px 18px !important;\r\n\ttext-decoration: none !important;\r\n\tfont-size: 14px !important;\r\n\ttext-align:center !important;\r\n\tfont-family: Georgia !important;\r\n}\r\n#tab_container_275 .wpsm_nav-tabs > li > a:focus {\r\noutline: 0px !important;\r\n}\r\n\r\n#tab_container_275 .wpsm_nav-tabs > li > a:before {\r\n\tdisplay:none !important;\r\n}\r\n#tab_container_275 .wpsm_nav-tabs > li > a:after {\r\n\tdisplay:none !important ;\r\n}\r\n#tab_container_275 .wpsm_nav-tabs > li{\r\npadding:0px !important ;\r\nmargin:0px;\r\n}\r\n\r\n#tab_container_275 .wpsm_nav-tabs > li > a:hover , #tab_container_275 .wpsm_nav-tabs > li > a:focus {\r\n    color: #916f00 !important;\r\n    background-color: #e8e8e8 !important;\r\n\tborder: 1px solid #d5d5d5 !important;\r\n\t\r\n}\r\n#tab_container_275 .wpsm_nav-tabs > li > a .fa{\r\n\r\nmargin-right:5px !important;\r\n\r\nmargin-left:5px !important;\r\n\r\n\r\n}\r\n\r\n\t\t#tab_container_275 .wpsm_nav-tabs a{\r\n\t\t\tbackground-image: url(https:\/\/www.kiralyszentistvan.hu\/kiraly\/wp-content\/plugins\/tabs-responsive\/assets\/images\/style-soft.png);\r\n\t\t\tbackground-position: 0 0;\r\n\t\t\tbackground-repeat: repeat-x;\r\n\t\t}\r\n\t\t\t\r\n\r\n\r\n#tab_container_275 .wpsm_nav-tabs > li {\r\n    float: left;\r\n    margin-bottom: -1px !important;\r\n\tmargin-right:0px !important; \r\n}\r\n\r\n\r\n#tab_container_275 .tab-content{\r\noverflow:hidden !important;\r\n}\r\n\r\n\r\n@media (min-width: 769px) {\r\n\r\n\t#tab_container_275 .wpsm_nav-tabs > li{\r\n\t\tfloat:left !important ;\r\n\t\t\t\tmargin-right:-1px !important;\r\n\t\t\t\t\t}\r\n\t#tab_container_275 .wpsm_nav-tabs{\r\n\t\tfloat:none !important;\r\n\t\tmargin:0px !important;\r\n\t}\r\n\r\n\t#tab_container_275 .wpsm_nav-tabs > li {\r\n\t\t\t\t\r\n\t}\r\n\t#tab_container_275 .wpsm_nav{\r\n\t\t\t}\r\n\r\n}\r\n\r\n\r\n\r\n@media (max-width: 768px) {\r\n\t#tab_container_275 .wpsm_nav-tabs > li {\r\n\t\t\t\t\r\n\t}\r\n\t#tab_container_275 .wpsm_nav{\r\n\t\t\t}\r\n}\r\n\r\n\r\n\t.wpsm_nav-tabs li:before{\r\n\t\tdisplay:none !important;\r\n\t}\r\n\r\n\t@media (max-width: 768px) {\r\n\t\t\t\t\r\n\t\t\t\t.wpsm_nav-tabs{\r\n\t\t\tmargin-left:0px !important;\r\n\t\t\tmargin-right:0px !important; \r\n\t\t\t\r\n\t\t}\r\n\t\t\t\t#tab_container_275 .wpsm_nav-tabs > li{\r\n\t\t\tfloat:none !important;\r\n\t\t}\r\n\t\t\t\r\n\t}\t\t\t\t<\/style>\r\n\t\t\t\t<div id=\"tab_container_275\" >\r\n\t \r\n\t\t\t\t\t<ul class=\"wpsm_nav wpsm_nav-tabs\" role=\"tablist\" id=\"myTab_275\">\r\n\t\t\t\t\t\t\t\r\n\t\t\t\t\t\t\t<li role=\"presentation\"  class=\"active\"  onclick=\"do_resize()\">\r\n\t\t\t\t\t\t\t\t<a href=\"#tabs_desc_275_1\" aria-controls=\"tabs_desc_275_1\" role=\"tab\" data-toggle=\"tab\">\r\n\t\t\t\t\t\t\t\t\t\r\n\t\t\t\t\t\t\t\t\t\t\t\t\t\t\t\t\t\t\t\t\t\t\t\t\t\t\t\t\t\t\t<i class=\"fa fa-laptop\"><\/i> \t\t\t\t\t\t\t\t\t\t\t\t\t\t\t\t\t\t\t\r\n\t\t\t\t\t\t\t\t\t\t\t\t\t\t\t\t\t\t\r\n\t\t\t\t\t\t\t\t\t<span>K\u00e9relmek<\/span>\r\n\t\t\t\t\t\t\t\t\t\r\n\t\t\t\t\t\t\t\t\t\t\t\t\t\t\t\t\t\t\r\n\t\t\t\t\t\t\t\t\t\t\t\t\t\t\t\t\t\t\t\t\r\n\t\t\t\t\t\t\t\t\t\r\n\t\t\t\t\t\t\t\t<\/a>\r\n\t\t\t\t\t\t\t<\/li>\r\n\t\t\t\t\t\t\t\r\n\t\t\t\t\t\t\t<li role=\"presentation\"  onclick=\"do_resize()\">\r\n\t\t\t\t\t\t\t\t<a href=\"#tabs_desc_275_2\" aria-controls=\"tabs_desc_275_2\" role=\"tab\" data-toggle=\"tab\">\r\n\t\t\t\t\t\t\t\t\t\r\n\t\t\t\t\t\t\t\t\t\t\t\t\t\t\t\t\t\t\t\t\t\t\t\t\t\t\t\t\t\t\t<i class=\"fa fa-laptop\"><\/i> \t\t\t\t\t\t\t\t\t\t\t\t\t\t\t\t\t\t\t\r\n\t\t\t\t\t\t\t\t\t\t\t\t\t\t\t\t\t\t\r\n\t\t\t\t\t\t\t\t\t<span>Ipar\u0171z\u00e9si ad\u00f3 nyomtatv\u00e1nyok<\/span>\r\n\t\t\t\t\t\t\t\t\t\r\n\t\t\t\t\t\t\t\t\t\t\t\t\t\t\t\t\t\t\r\n\t\t\t\t\t\t\t\t\t\t\t\t\t\t\t\t\t\t\t\t\r\n\t\t\t\t\t\t\t\t\t\r\n\t\t\t\t\t\t\t\t<\/a>\r\n\t\t\t\t\t\t\t<\/li>\r\n\t\t\t\t\t\t\t\r\n\t\t\t\t\t\t\t<li role=\"presentation\"  onclick=\"do_resize()\">\r\n\t\t\t\t\t\t\t\t<a href=\"#tabs_desc_275_3\" aria-controls=\"tabs_desc_275_3\" role=\"tab\" data-toggle=\"tab\">\r\n\t\t\t\t\t\t\t\t\t\r\n\t\t\t\t\t\t\t\t\t\t\t\t\t\t\t\t\t\t\t\t\t\t\t\t\t\t\t\t\t\t\t<i class=\"fa fa-laptop\"><\/i> \t\t\t\t\t\t\t\t\t\t\t\t\t\t\t\t\t\t\t\r\n\t\t\t\t\t\t\t\t\t\t\t\t\t\t\t\t\t\t\r\n\t\t\t\t\t\t\t\t\t<span>Kereskedelemmel kapcsolatos nyomtatv\u00e1nyok<\/span>\r\n\t\t\t\t\t\t\t\t\t\r\n\t\t\t\t\t\t\t\t\t\t\t\t\t\t\t\t\t\t\r\n\t\t\t\t\t\t\t\t\t\t\t\t\t\t\t\t\t\t\t\t\r\n\t\t\t\t\t\t\t\t\t\r\n\t\t\t\t\t\t\t\t<\/a>\r\n\t\t\t\t\t\t\t<\/li>\r\n\t\t\t\t\t\t\t\r\n\t\t\t\t\t\t\t<li role=\"presentation\"  onclick=\"do_resize()\">\r\n\t\t\t\t\t\t\t\t<a href=\"#tabs_desc_275_4\" aria-controls=\"tabs_desc_275_4\" role=\"tab\" data-toggle=\"tab\">\r\n\t\t\t\t\t\t\t\t\t\r\n\t\t\t\t\t\t\t\t\t\t\t\t\t\t\t\t\t\t\t\t\t\t\t\t\t\t\t\t\t\t\t<i class=\"fa fa-laptop\"><\/i> \t\t\t\t\t\t\t\t\t\t\t\t\t\t\t\t\t\t\t\r\n\t\t\t\t\t\t\t\t\t\t\t\t\t\t\t\t\t\t\r\n\t\t\t\t\t\t\t\t\t<span>Egy\u00e9bb nyomtatv\u00e1nyok<\/span>\r\n\t\t\t\t\t\t\t\t\t\r\n\t\t\t\t\t\t\t\t\t\t\t\t\t\t\t\t\t\t\r\n\t\t\t\t\t\t\t\t\t\t\t\t\t\t\t\t\t\t\t\t\r\n\t\t\t\t\t\t\t\t\t\r\n\t\t\t\t\t\t\t\t<\/a>\r\n\t\t\t\t\t\t\t<\/li>\r\n\t\t\t\t\t\t\t\t\t\t\t <\/ul>\r\n\r\n\t\t\t\t\t  <!-- Tab panes -->\r\n\t\t\t\t\t  <div class=\"tab-content\" id=\"tab-content_275\">\r\n\t\t\t\t\t\t\t\t\t\t\t\t <div role=\"tabpanel\" class=\"tab-pane  in active \" id=\"tabs_desc_275_1\">\r\n\t\t\t\t\t\t\t\t<a href=\"https:\/\/kiralyszentistvan.hu\/data\/onkormanyzat\/nyomtatvanyok\/2025\/Kerelem-szemetszallitas-tam_20251120.docx\">T\u00e1j\u00e9koztat\u00f3 Szem\u00e9tsz\u00e1ll\u00edt\u00e1si d\u00edj t\u00e1mogat\u00e1sra 2025<br>\r\n\r\n<a href=\"https:\/\/kiralyszentistvan.hu\/data\/onkormanyzat\/nyomtatvanyok\/2025\/Karacsonyi-tam_20251120.pdf\">K\u00e9relem kar\u00e1csonyi \u00fcnnepek telep\u00fcl\u00e9si t\u00e1mogat\u00e1s\u00a0<\/a><br>\r\n\r\n<a href=\"http:\/\/kiralyszentistvan.hu\/data\/onkormanyzat\/nyomtatvanyok\/2023\/Kerelem-rendkivuli-segely.docx\">K\u00e9relem rendk\u00edv\u00fcli seg\u00e9lyhez <\/a><br>\r\n\r\n<a href=\"http:\/\/kiralyszentistvan.hu\/data\/onkormanyzat\/nyomtatvanyok\/2023\/Kerelem-szocialis-etkezes.docx\">K\u00e9relem szoci\u00e1lis \u00e9tkeztet\u00e9shez<\/a><br>\r\n\r\n<a href=\"http:\/\/kiralyszentistvan.hu\/data\/onkormanyzat\/nyomtatvanyok\/2023\/Kerelem-temetesi-segely.docx\">K\u00e9relem temet\u00e9si seg\u00e9lyhez <\/a><br>\r\n\r\n<a href=\"http:\/\/kiralyszentistvan.hu\/data\/onkormanyzat\/nyomtatvanyok\/2023\/Kerelem-atmeneti-segely.docx\">K\u00e9relem \u00e1tmeneti seg\u00e9lyhez <\/a><br>\r\n\r\n<a href=\"http:\/\/kiralyszentistvan.hu\/data\/onkormanyzat\/nyomtatvanyok\/2022\/rgyermekvtamigenylo.doc\">K\u00e9relem rendszeres gyermekv\u00e9delmi kedvezm\u00e9ny <\/a><br>\r\n\r\n<a href=\"http:\/\/kiralyszentistvan.hu\/data\/onkormanyzat\/nyomtatvanyok\/2023\/Kerelem-szulesi-segely.docx\">K\u00e9relem sz\u00fcl\u00e9si seg\u00e9lyhez <\/a><br>\r\n\r\n<a href=\"http:\/\/kiralyszentistvan.hu\/data\/onkormanyzat\/nyomtatvanyok\/2023\/Kerelem-szemetszallitasi_dij.docx\">K\u00e9relem szem\u00e9tsz\u00e1ll\u00edt\u00e1si d\u00edj t\u00e1mogat\u00e1shoz<\/a><br>\r\n\r\n<a href=\"https:\/\/kiralyszentistvan.hu\/data\/onkormanyzat\/nyomtatvanyok\/2024\/Kerelem-karacsonyitam_2024.pdf\">K\u00e9relem kar\u00e1csonyi t\u00e1mogat\u00e1sra 2024<\/a><br>\r\n\r\n<a href=\"https:\/\/kiralyszentistvan.hu\/data\/onkormanyzat\/aktualis\/2024\/Kerelem_tanevkezdesi%20tam_2024.doc\">K\u00e9relem iskolakezd\u00e9si t\u00e1mogat\u00e1shoz 2024<\/a><br>\t\t\t\t\t\t <\/div>\r\n\t\t\t\t\t\t\t\t\t\t\t\t <div role=\"tabpanel\" class=\"tab-pane \" id=\"tabs_desc_275_2\">\r\n\t\t\t\t\t\t\t\t<a href=\"http:\/\/www.kiralyszentistvan.hu\/data\/onkormanyzat\/nyomtatvanyok\/2017\/KISZTI_ado-szamlaszamok.pdf\">Helyi ad\u00f3k befizet\u00e9s\u00e9re szolg\u00e1l\u00f3 sz\u00e1ml\u00e1k sz\u00e1mai - Kir\u00e1lyszentistv\u00e1n<\/a><br>\r\n<a href=\"https:\/\/kiralyszentistvan.hu\/data\/onkormanyzat\/nyomtatvanyok\/2024\/Kerelem-szemetszalldijtam_2024.pdf\">K\u00e9relem Szem\u00e9tsz\u00e1ll\u00edt\u00e1si d\u00edj\u00a0t\u00e1mogat\u00e1s 2024<\/a><br>\t\t\t\t\t\t <\/div>\r\n\t\t\t\t\t\t\t\t\t\t\t\t <div role=\"tabpanel\" class=\"tab-pane \" id=\"tabs_desc_275_3\">\r\n\t\t\t\t\t\t\t\t<a href=\"http:\/\/www.kiralyszentistvan.hu\/ckiszti\/sites\/default\/files\/onkormanyzat\/nyomtatvanyok\/Mukodesi-engedely-leadasa-KSZ.doc\">M\u0171k\u00f6d\u00e9si enged\u00e9ly lead\u00e1sa<\/a>\r\n<br>\r\n<a href=\"http:\/\/www.kiralyszentistvan.hu\/ckiszti\/sites\/default\/files\/onkormanyzat\/nyomtatvanyok\/2014\/2014-BEJELENTKEZES-VALTBEJELENTES-Kiralyszentistvan.pdf\">Bejelentkez\u00e9s, v\u00e1ltoz\u00e1s bejelent\u00e9s (nyomtatv\u00e1ny)<\/a>\r\n<br>\r\n<a href=\"http:\/\/www.kiralyszentistvan.hu\/ckiszti\/sites\/default\/files\/onkormanyzat\/nyomtatvanyok\/Mukodesi-engedely-kerelem.rtf\">M\u0171k\u00f6d\u00e9si enged\u00e9ly k\u00e9relem<\/a>\t\t\t\t\t\t <\/div>\r\n\t\t\t\t\t\t\t\t\t\t\t\t <div role=\"tabpanel\" class=\"tab-pane \" id=\"tabs_desc_275_4\">\r\n\t\t\t\t\t\t\t\t<a href=\"http:\/\/www.kiralyszentistvan.hu\/ckiszti\/sites\/default\/files\/onkormanyzat\/nyomtatvanyok\/2014\/2014-EPITMENYADO-BEVALLAS-Kiralyszentistvan.pdf\">\u00c9p\u00edtm\u00e9ny ad\u00f3 bevall\u00e1s<\/a>\r\n<br>\r\n<a href=\"http:\/\/www.kiralyszentistvan.hu\/ckiszti\/sites\/default\/files\/onkormanyzat\/nyomtatvanyok\/2014\/2014-Epitmenyado-megszuntetese-Kiralyszentistvan.pdf\">\u00c9p\u00edtm\u00e9nyad\u00f3 megsz\u00fcntet\u00e9se<\/a>\r\n<br>\r\n<a href=\"http:\/\/kiralyszentistvan.hu\/data\/onkormanyzat\/nyomtatvanyok\/2023\/Tajekoztato-ebosszeiras-2023.pdf\">EB \u00f6ssze\u00edr\u00e1s \u00e9s t\u00e1j\u00e9koztat\u00f3 (pdf)<\/a>\r\n<br>\r\n<a href=\"http:\/\/kiralyszentistvan.hu\/data\/onkormanyzat\/nyomtatvanyok\/2023\/Tajekoztato-ebosszeiras-2023.doc\">EB \u00f6ssze\u00edr\u00e1s \u00e9s t\u00e1j\u00e9koztat\u00f3 (word)<\/a>\r\n<br>\r\n<a href=\"http:\/\/kiralyszentistvan.hu\/data\/onkormanyzat\/nyomtatvanyok\/2023\/Tajekoztato-tanevkezdes-tamogatas.docx\">T\u00e1j\u00e9koztat\u00f3 tan\u00e9vkezd\u00e9si t\u00e1mogat\u00e1s ig\u00e9nyl\u00e9s\u00e9hez<\/a>\r\n<br>\r\n<a href=\"http:\/\/kiralyszentistvan.hu\/data\/onkormanyzat\/nyomtatvanyok\/2023\/Kerelem-tanevkezdes.pdf\">K\u00e9relem tan\u00e9vkezd\u00e9si t\u00e1mogat\u00e1s ig\u00e9nyl\u00e9s\u00e9hez\u00a0 (pdf)<\/a>\r\n<br>\r\n<a href=\"http:\/\/kiralyszentistvan.hu\/data\/onkormanyzat\/nyomtatvanyok\/2023\/Kerelem-tanevkezdes.doc\">K\u00e9relem tan\u00e9vkezd\u00e9si t\u00e1mogat\u00e1s ig\u00e9nyl\u00e9s\u00e9hez (word)<\/a>\t\t\t\t\t\t <\/div>\r\n\t\t\t\t\t\t\t\r\n\t\t\t\t\t <\/div>\r\n\t\t\t\t\t \r\n\t\t\t\t <\/div>\r\n <script>\r\n\t\tjQuery(function () {\r\n\t\t\tjQuery('#myTab_275 a:first').tab('show')\r\n\t\t});\r\n\t\t\r\n\t\t\t\tjQuery(function(){\r\n\t\t\tvar b=\"fadeIn\";\r\n\t\t\tvar c;\r\n\t\t\tvar a;\r\n\t\t\td(jQuery(\"#myTab_275 a\"),jQuery(\"#tab-content_275\"));function d(e,f,g){\r\n\t\t\t\te.click(function(i){\r\n\t\t\t\t\ti.preventDefault();\r\n\t\t\t\t\tjQuery(this).tab(\"show\");\r\n\t\t\t\t\tvar h=jQuery(this).data(\"easein\");\r\n\t\t\t\t\tif(c){c.removeClass(a);}\r\n\t\t\t\t\tif(h){f.find(\"div.active\").addClass(\"animated \"+h);a=h;}\r\n\t\t\t\t\telse{if(g){f.find(\"div.active\").addClass(\"animated \"+g);a=g;}else{f.find(\"div.active\").addClass(\"animated \"+b);a=b;}}c=f.find(\"div.active\");\r\n\t\t\t\t});\r\n\t\t\t}\r\n\t\t});\r\n\t\t\r\n\r\n\t\tfunction do_resize(){\r\n\r\n\t\t\tvar width=jQuery( '.tab-content .tab-pane iframe' ).width();\r\n\t\t\tvar height=jQuery( '.tab-content .tab-pane iframe' ).height();\r\n\r\n\t\t\tvar toggleSize = true;\r\n\t\t\tjQuery('iframe').animate({\r\n\t\t\t    width: toggleSize ? width : 640,\r\n\t\t\t    height: toggleSize ? height : 360\r\n\t\t\t  }, 250);\r\n\r\n\t\t\t  toggleSize = !toggleSize;\r\n\t\t}\r\n\r\n\r\n\t<\/script>\r\n\t\t\t\t\r\n\t\t\t\n","protected":false},"excerpt":{"rendered":"","protected":false},"author":1,"featured_media":0,"parent":0,"menu_order":0,"comment_status":"closed","ping_status":"closed","template":"","meta":{"footnotes":""},"class_list":["post-273","page","type-page","status-publish","hentry"],"featured_image_src":null,"featured_image_src_square":null,"_links":{"self":[{"href":"https:\/\/www.kiralyszentistvan.hu\/kiraly\/wp-json\/wp\/v2\/pages\/273","targetHints":{"allow":["GET"]}}],"collection":[{"href":"https:\/\/www.kiralyszentistvan.hu\/kiraly\/wp-json\/wp\/v2\/pages"}],"about":[{"href":"https:\/\/www.kiralyszentistvan.hu\/kiraly\/wp-json\/wp\/v2\/types\/page"}],"author":[{"embeddable":true,"href":"https:\/\/www.kiralyszentistvan.hu\/kiraly\/wp-json\/wp\/v2\/users\/1"}],"replies":[{"embeddable":true,"href":"https:\/\/www.kiralyszentistvan.hu\/kiraly\/wp-json\/wp\/v2\/comments?post=273"}],"version-history":[{"count":2,"href":"https:\/\/www.kiralyszentistvan.hu\/kiraly\/wp-json\/wp\/v2\/pages\/273\/revisions"}],"predecessor-version":[{"id":276,"href":"https:\/\/www.kiralyszentistvan.hu\/kiraly\/wp-json\/wp\/v2\/pages\/273\/revisions\/276"}],"wp:attachment":[{"href":"https:\/\/www.kiralyszentistvan.hu\/kiraly\/wp-json\/wp\/v2\/media?parent=273"}],"curies":[{"name":"wp","href":"https:\/\/api.w.org\/{rel}","templated":true}]}}