{"id":170,"date":"2021-05-02T10:04:03","date_gmt":"2021-05-02T10:04:03","guid":{"rendered":"http:\/\/www.kiralyszentistvan.hu\/kiraly\/?page_id=170"},"modified":"2024-10-29T13:42:22","modified_gmt":"2024-10-29T13:42:22","slug":"telepulesszerkezeti-terv","status":"publish","type":"page","link":"https:\/\/www.kiralyszentistvan.hu\/kiraly\/telepulesszerkezeti-terv\/","title":{"rendered":"Telep\u00fcl\u00e9sszerkezeti terv"},"content":{"rendered":"\n<p class=\"has-vivid-red-color has-text-color has-link-color has-medium-font-size wp-elements-48f4dea2f50acb85b926e9247f20b8e8\"><strong>Figyelem v\u00e1ltoz\u00e1s!<\/strong><br><a href=\"https:\/\/kiralyszentistvan.hu\/data\/onkormanyzat\/telepulesrendezes\/20241029-1.pdf\">Rendelet &#8211; v\u00e1ltoztat\u00e1si, telekalak\u00edt\u00e1si \u00e9s \u00e9p\u00edt\u00e9si tilalom elrendel\u00e9s\u00e9r\u0151l<\/a><br><a href=\"https:\/\/kiralyszentistvan.hu\/data\/onkormanyzat\/telepulesrendezes\/20241029-2.pdf\">T\u00e1j\u00e9koztat\u00e1s &#8211; v\u00e1ltoztat\u00e1si, telekalak\u00edt\u00e1si \u00e9s \u00e9p\u00edt\u00e9si tilalom bevezet\u00e9s\u00e9r\u0151l<\/a><\/p>\n\n\n\n<p><a href=\"https:\/\/kiralyszentistvan.hu\/data\/onkormanyzat\/telepulesrendezes\/telepulesszerk\/Hatarozat_Telepulesszerkezeti_terv.pdf\">Telep\u00fcl\u00e9szerkezeti terv hat\u00e1rozat<\/a><\/p>\n\n\n\n<p><a href=\"https:\/\/kiralyszentistvan.hu\/data\/onkormanyzat\/telepulesrendezes\/telepulesszerk\/Kiralyszentistvan_BSZT.pdf\">Kir\u00e1lyszentistv\u00e1n BSZT<\/a><\/p>\n\n\n\n<p><a href=\"https:\/\/kiralyszentistvan.hu\/data\/onkormanyzat\/telepulesrendezes\/telepulesszerk\/Kiralyszentistvan_HESZ.pdf\">Kir\u00e1lyszentistv\u00e1n H\u00c9SZ<\/a><\/p>\n\n\n\n<p><a href=\"https:\/\/kiralyszentistvan.hu\/data\/onkormanyzat\/telepulesrendezes\/telepulesszerk\/Kiralyszentistvan_KSZT.pdf\">Kir\u00e1lyszentistv\u00e1n KSZT<\/a><\/p>\n\n\n\n<p><a href=\"https:\/\/kiralyszentistvan.hu\/data\/onkormanyzat\/telepulesrendezes\/telepulesszerk\/Kiralyszentistvan_SZE.pdf\">Kir\u00e1lyszentistv\u00e1n SZE<\/a><\/p>\n\n\n\n<p class=\"has-vivid-red-color has-text-color has-link-color has-medium-font-size wp-elements-89c0897f668c445c3bf10f2af1913c91\"><\/p>\n\n\n\n<p><\/p>\n","protected":false},"excerpt":{"rendered":"<p>Figyelem v\u00e1ltoz\u00e1s!Rendelet &#8211; v\u00e1ltoztat\u00e1si, telekalak\u00edt\u00e1si \u00e9s \u00e9p\u00edt\u00e9si tilalom elrendel\u00e9s\u00e9r\u0151lT\u00e1j\u00e9koztat\u00e1s &#8211; v\u00e1ltoztat\u00e1si, telekalak\u00edt\u00e1si \u00e9s \u00e9p\u00edt\u00e9si tilalom bevezet\u00e9s\u00e9r\u0151l Telep\u00fcl\u00e9szerkezeti terv hat\u00e1rozat Kir\u00e1lyszentistv\u00e1n BSZT Kir\u00e1lyszentistv\u00e1n H\u00c9SZ Kir\u00e1lyszentistv\u00e1n KSZT Kir\u00e1lyszentistv\u00e1n SZE<\/p>\n","protected":false},"author":1,"featured_media":0,"parent":0,"menu_order":0,"comment_status":"closed","ping_status":"closed","template":"","meta":{"footnotes":""},"class_list":["post-170","page","type-page","status-publish","hentry"],"featured_image_src":null,"featured_image_src_square":null,"_links":{"self":[{"href":"https:\/\/www.kiralyszentistvan.hu\/kiraly\/wp-json\/wp\/v2\/pages\/170","targetHints":{"allow":["GET"]}}],"collection":[{"href":"https:\/\/www.kiralyszentistvan.hu\/kiraly\/wp-json\/wp\/v2\/pages"}],"about":[{"href":"https:\/\/www.kiralyszentistvan.hu\/kiraly\/wp-json\/wp\/v2\/types\/page"}],"author":[{"embeddable":true,"href":"https:\/\/www.kiralyszentistvan.hu\/kiraly\/wp-json\/wp\/v2\/users\/1"}],"replies":[{"embeddable":true,"href":"https:\/\/www.kiralyszentistvan.hu\/kiraly\/wp-json\/wp\/v2\/comments?post=170"}],"version-history":[{"count":6,"href":"https:\/\/www.kiralyszentistvan.hu\/kiraly\/wp-json\/wp\/v2\/pages\/170\/revisions"}],"predecessor-version":[{"id":742,"href":"https:\/\/www.kiralyszentistvan.hu\/kiraly\/wp-json\/wp\/v2\/pages\/170\/revisions\/742"}],"wp:attachment":[{"href":"https:\/\/www.kiralyszentistvan.hu\/kiraly\/wp-json\/wp\/v2\/media?parent=170"}],"curies":[{"name":"wp","href":"https:\/\/api.w.org\/{rel}","templated":true}]}}