{"id":1037,"date":"2026-04-20T17:04:49","date_gmt":"2026-04-20T17:04:49","guid":{"rendered":"https:\/\/www.kiralyszentistvan.hu\/kiraly\/?page_id=1037"},"modified":"2026-04-20T18:24:15","modified_gmt":"2026-04-20T18:24:15","slug":"telepulesrendezesi-terv-velemenyezese","status":"publish","type":"page","link":"https:\/\/www.kiralyszentistvan.hu\/kiraly\/telepulesrendezesi-terv-velemenyezese\/","title":{"rendered":"Telep\u00fcl\u00e9srendez\u00e9si terv v\u00e9lem\u00e9nyez\u00e9se"},"content":{"rendered":"\n<p class=\"has-text-color has-link-color wp-elements-4310d950dbf87726ba7b96609505d6b3\" style=\"color:#aa8114\"><strong>01_Megalapoz\u00f3 vizsg\u00e1lat<\/strong><br><strong>-K\u00f6zleked\u00e9s<\/strong><br><a href=\"https:\/\/kiralyszentistvan.hu\/data\/partnerseg\/01_megalapozo_vizsgalat\/Kozlekedes\/Kiralyszentistvan_mksz_1.pdf\">MKSZ 1<\/a><br><a href=\"https:\/\/kiralyszentistvan.hu\/data\/partnerseg\/01_megalapozo_vizsgalat\/Kozlekedes\/Kiralyszentistvan_mksz_2.pdf\">MKSZ 2<\/a><br><a href=\"https:\/\/kiralyszentistvan.hu\/data\/partnerseg\/01_megalapozo_vizsgalat\/Kozlekedes\/Kiralyszentistvan_mksz_3.pdf\">MKSZ 3<\/a><br><a href=\"https:\/\/kiralyszentistvan.hu\/data\/partnerseg\/01_megalapozo_vizsgalat\/Kozlekedes\/Kiralyszentistvan_mksz_4.pdf\">MKSZ 4<\/a><br><a href=\"https:\/\/kiralyszentistvan.hu\/data\/partnerseg\/01_megalapozo_vizsgalat\/Kozlekedes\/Kiralyszentistvan_mksz_5.pdf\">MKSZ 5<\/a><br><a href=\"https:\/\/kiralyszentistvan.hu\/data\/partnerseg\/01_megalapozo_vizsgalat\/Kozlekedes\/Kiralyszentistvan_mksz_6.pdf\">MKSZ 6<\/a><br><a href=\"https:\/\/kiralyszentistvan.hu\/data\/partnerseg\/01_megalapozo_vizsgalat\/Kozlekedes\/Kiralyszentistvan_mksz_7.pdf\">MKSZ 7<\/a><br><strong><br>-K\u00f6zm\u0171<\/strong><br><a href=\"https:\/\/kiralyszentistvan.hu\/data\/partnerseg\/01_megalapozo_vizsgalat\/Kozmu\/KV-V_Vizellatas.pdf\">V\u00edzell\u00e1t\u00e1s<\/a><br><a href=\"https:\/\/kiralyszentistvan.hu\/data\/partnerseg\/01_megalapozo_vizsgalat\/Kozmu\/KV-TK_Vezetekes%20es%20vezetek%20nelkuli%20hirkozles.pdf\">Vezet\u00e9kes \u00e9s vezet\u00e9k n\u00e9lk\u00fcli h\u00edrk\u00f6zl\u00e9s<\/a><br><a href=\"https:\/\/kiralyszentistvan.hu\/data\/partnerseg\/01_megalapozo_vizsgalat\/Kozmu\/KV-SZV_Vizelvezetes.pdf\">V\u00edzelvezet\u00e9s<\/a><br><a href=\"https:\/\/kiralyszentistvan.hu\/data\/partnerseg\/01_megalapozo_vizsgalat\/Kozmu\/KV-G_Szenhidrogen-ellatas.pdf\">Sz\u00e9nhidrog\u00e9n ell\u00e1t\u00e1s<\/a><br><a href=\"https:\/\/kiralyszentistvan.hu\/data\/partnerseg\/01_megalapozo_vizsgalat\/Kozmu\/KV-E_Villamosenergia-ellatas.pdf\">Villamos energia ell\u00e1t\u00e1s<\/a><br><strong><br>-Vizsg\u00e1lati tervlapok<\/strong><br><a href=\"https:\/\/kiralyszentistvan.hu\/data\/partnerseg\/01_megalapozo_vizsgalat\/Vizsgalati_tervlapok\/V4_Beepitettseg_vizsgalat.pdf\">Be\u00e9p\u00edtetts\u00e9g vizsg\u00e1lat<\/a><br><a href=\"https:\/\/kiralyszentistvan.hu\/data\/partnerseg\/01_megalapozo_vizsgalat\/Vizsgalati_tervlapok\/V3_Telekmeret_vizsgalat.pdf\">Telekm\u00e9ret vizsg\u00e1lat<\/a><br><a href=\"https:\/\/kiralyszentistvan.hu\/data\/partnerseg\/01_megalapozo_vizsgalat\/Vizsgalati_tervlapok\/V2_Tulajdonviszony_vizsgalat.pdf\">Tulajdonviszony vizsg\u00e1lat<\/a><br><br><a href=\"https:\/\/kiralyszentistvan.hu\/data\/partnerseg\/01_megalapozo_vizsgalat\/Kiralyszentistvan_vizsg_.pdf\">Kir\u00e1lyszentistv\u00e1n telep\u00fcl\u00e9sterv<\/a><\/p>\n\n\n\n<p class=\"has-text-color has-link-color wp-elements-3c25a7424cabf970d832290df29d0309\" style=\"color:#aa8114\"><strong>02_Telep\u00fcl\u00e9sfejleszt\u00e9si terv<\/strong><br><a href=\"https:\/\/kiralyszentistvan.hu\/data\/partnerseg\/02_telepulesfejlesztesi_terv\/TFT_2026.03.pdf\">Telep\u00fcl\u00e9sfejleszt\u00e9si terv 2026.03<\/a><br><a href=\"https:\/\/kiralyszentistvan.hu\/data\/partnerseg\/02_telepulesfejlesztesi_terv\/TFT_0414.pdf\">Telep\u00fcl\u00e9sfejleszt\u00e9si terv 0414<\/a><\/p>\n\n\n\n<p class=\"has-text-color has-link-color wp-elements-1aa7b7c21776630d073f978d968d2cd0\" style=\"color:#aa8114\"><strong>03_Helyi \u00e9p\u00edt\u00e9si szab\u00e1lyzat<\/strong><br>-Tervlapok<br><a href=\"https:\/\/kiralyszentistvan.hu\/data\/partnerseg\/03_helyi_epitesi_szabalyzat\/Tervlapok\/SZT_kul.pdf\">SZT K\u00fclter\u00fclet<\/a><br><a href=\"https:\/\/kiralyszentistvan.hu\/data\/partnerseg\/03_helyi_epitesi_szabalyzat\/Tervlapok\/SZT_bel.pdf\">SZT Belter\u00fclet<\/a><br><a href=\"https:\/\/kiralyszentistvan.hu\/data\/partnerseg\/03_helyi_epitesi_szabalyzat\/Tervlapok\/SZT_0_jelmagy.pdf\">SZT jelmagyar\u00e1zat<\/a><br><a href=\"https:\/\/kiralyszentistvan.hu\/data\/partnerseg\/03_helyi_epitesi_szabalyzat\/Tervlapok\/Telepeleskepi_tervlap.pdf\">Telep\u00fcl\u00e9sk\u00e9pi tervlap<\/a><br><br><a href=\"https:\/\/kiralyszentistvan.hu\/data\/partnerseg\/03_helyi_epitesi_szabalyzat\/Kiralyszentistvan_HESZ_260416.pdf\">Kir\u00e1lyszentistv\u00e1n HESZ<\/a><\/p>\n\n\n\n<p class=\"has-text-color has-link-color wp-elements-b063586d7394236d40837c50429e2dc6\" style=\"color:#aa8114\"><strong>Al\u00e1t\u00e1maszt\u00f3 k\u00f6rnyezeti \u00e9rt\u00e9kel\u00e9s<\/strong><br>-K\u00f6zleked\u00e9s<br><a href=\"https:\/\/kiralyszentistvan.hu\/data\/partnerseg\/alatamaszto_kornyezeti_ertekeles\/Kozmu\/KV_TK.pdf\">KV_TK<\/a><br><a href=\"https:\/\/kiralyszentistvan.hu\/data\/partnerseg\/alatamaszto_kornyezeti_ertekeles\/Kozmu\/KF_V.pdf\">KV_V<\/a><br><a href=\"https:\/\/kiralyszentistvan.hu\/data\/partnerseg\/alatamaszto_kornyezeti_ertekeles\/Kozmu\/KF_SZV.pdf\">KV_SZV<\/a><br><a href=\"https:\/\/kiralyszentistvan.hu\/data\/partnerseg\/alatamaszto_kornyezeti_ertekeles\/Kozmu\/KF_G.pdf\">KV_G<\/a><br><a href=\"https:\/\/kiralyszentistvan.hu\/data\/partnerseg\/alatamaszto_kornyezeti_ertekeles\/Kozmu\/KF_E.pdf\">KV_E<\/a><br><br>-K\u00f6zleked\u00e9s<br><a href=\"https:\/\/kiralyszentistvan.hu\/data\/partnerseg\/alatamaszto_kornyezeti_ertekeles\/Kozlekedes\/K-6_Kiralyszentistvan_mksz_1.pdf\">Kir\u00e1lyszentistv\u00e1n MKSZ 1<\/a><br><a href=\"https:\/\/kiralyszentistvan.hu\/data\/partnerseg\/alatamaszto_kornyezeti_ertekeles\/Kozlekedes\/K-6_Kiralyszentistvan_mksz_2.pdf\">Kir\u00e1lyszentistv\u00e1n MKSZ 2<\/a><br><a href=\"https:\/\/kiralyszentistvan.hu\/data\/partnerseg\/alatamaszto_kornyezeti_ertekeles\/Kozlekedes\/K-6_Kiralyszentistvan_mksz_3.pdf\">Kir\u00e1lyszentistv\u00e1n MKSZ 3<\/a><br><a href=\"https:\/\/kiralyszentistvan.hu\/data\/partnerseg\/alatamaszto_kornyezeti_ertekeles\/Kozlekedes\/K-6_Kiralyszentistvan_mksz_4.pdf\">Kir\u00e1lyszentistv\u00e1n MKSZ 4<\/a><br><a href=\"https:\/\/kiralyszentistvan.hu\/data\/partnerseg\/alatamaszto_kornyezeti_ertekeles\/Kozlekedes\/K-6_Kiralyszentistvan_mksz_5.pdf\">Kir\u00e1lyszentistv\u00e1n MKSZ 5<\/a><br><a href=\"https:\/\/kiralyszentistvan.hu\/data\/partnerseg\/alatamaszto_kornyezeti_ertekeles\/Kozlekedes\/K-6_Kiralyszentistvan_mksz_6.pdf\">Kir\u00e1lyszentistv\u00e1n MKSZ 6<\/a><br><a href=\"https:\/\/kiralyszentistvan.hu\/data\/partnerseg\/alatamaszto_kornyezeti_ertekeles\/Kozlekedes\/K-6_Kiralyszentistvan_mksz_7.pdf\">Kir\u00e1lyszentistv\u00e1n MKSZ 7<\/a><br><br><a href=\"https:\/\/kiralyszentistvan.hu\/data\/partnerseg\/alatamaszto_kornyezeti_ertekeles\/Valtozasok260416.pdf\">V\u00e1ltoz\u00e1sok 260416<\/a><br><a href=\"https:\/\/kiralyszentistvan.hu\/data\/partnerseg\/alatamaszto_kornyezeti_ertekeles\/Kiralyszentistvan_alatamaszto_260416.pdf\">Kir\u00e1lyszentistv\u00e1n al\u00e1t\u00e1maszt\u00f3 260416<\/a><\/p>\n\n\n\n<p class=\"has-text-color has-link-color wp-elements-57ef306ad18cca1520e553a5e269401a\" style=\"color:#aa8114\"><strong>M\u0171eml\u00e9kv\u00e9delmi \u00e9s \u00f6r\u00f6ks\u00e9gv\u00e9delmi hat\u00e1stanulm\u00e1ny<\/strong><br><a href=\"https:\/\/kiralyszentistvan.hu\/data\/partnerseg\/muemlekvedelmi_oroksegvedelmi%20hatastanulmany\/Kiralyszentistvan_OVH_260301_.pdf\">Kir\u00e1lyszentistv\u00e1n OVH 260301_1<\/a><br><a href=\"https:\/\/kiralyszentistvan.hu\/data\/partnerseg\/muemlekvedelmi_oroksegvedelmi%20hatastanulmany\/Kiralyszentistvan_OVH_260301.pdf\">Kir\u00e1lyszentistv\u00e1n OVH 260301<\/a><\/p>\n\n\n\n<p><\/p>\n","protected":false},"excerpt":{"rendered":"<p>01_Megalapoz\u00f3 vizsg\u00e1lat-K\u00f6zleked\u00e9sMKSZ 1MKSZ 2MKSZ 3MKSZ 4MKSZ 5MKSZ 6MKSZ 7-K\u00f6zm\u0171V\u00edzell\u00e1t\u00e1sVezet\u00e9kes \u00e9s vezet\u00e9k n\u00e9lk\u00fcli h\u00edrk\u00f6zl\u00e9sV\u00edzelvezet\u00e9sSz\u00e9nhidrog\u00e9n ell\u00e1t\u00e1sVillamos energia ell\u00e1t\u00e1s-Vizsg\u00e1lati tervlapokBe\u00e9p\u00edtetts\u00e9g vizsg\u00e1latTelekm\u00e9ret vizsg\u00e1latTulajdonviszony vizsg\u00e1lat Kir\u00e1lyszentistv\u00e1n telep\u00fcl\u00e9sterv 02_Telep\u00fcl\u00e9sfejleszt\u00e9si tervTelep\u00fcl\u00e9sfejleszt\u00e9si terv 2026.03Telep\u00fcl\u00e9sfejleszt\u00e9si terv 0414 03_Helyi \u00e9p\u00edt\u00e9si szab\u00e1lyzat-TervlapokSZT K\u00fclter\u00fcletSZT<a class=\"moretag\" href=\"https:\/\/www.kiralyszentistvan.hu\/kiraly\/telepulesrendezesi-terv-velemenyezese\/\">Tov\u00e1bbi inform\u00e1ci\u00f3\u2026<\/a><\/p>\n","protected":false},"author":1,"featured_media":0,"parent":0,"menu_order":0,"comment_status":"closed","ping_status":"closed","template":"","meta":{"footnotes":""},"class_list":["post-1037","page","type-page","status-publish","hentry"],"featured_image_src":null,"featured_image_src_square":null,"_links":{"self":[{"href":"https:\/\/www.kiralyszentistvan.hu\/kiraly\/wp-json\/wp\/v2\/pages\/1037","targetHints":{"allow":["GET"]}}],"collection":[{"href":"https:\/\/www.kiralyszentistvan.hu\/kiraly\/wp-json\/wp\/v2\/pages"}],"about":[{"href":"https:\/\/www.kiralyszentistvan.hu\/kiraly\/wp-json\/wp\/v2\/types\/page"}],"author":[{"embeddable":true,"href":"https:\/\/www.kiralyszentistvan.hu\/kiraly\/wp-json\/wp\/v2\/users\/1"}],"replies":[{"embeddable":true,"href":"https:\/\/www.kiralyszentistvan.hu\/kiraly\/wp-json\/wp\/v2\/comments?post=1037"}],"version-history":[{"count":13,"href":"https:\/\/www.kiralyszentistvan.hu\/kiraly\/wp-json\/wp\/v2\/pages\/1037\/revisions"}],"predecessor-version":[{"id":1050,"href":"https:\/\/www.kiralyszentistvan.hu\/kiraly\/wp-json\/wp\/v2\/pages\/1037\/revisions\/1050"}],"wp:attachment":[{"href":"https:\/\/www.kiralyszentistvan.hu\/kiraly\/wp-json\/wp\/v2\/media?parent=1037"}],"curies":[{"name":"wp","href":"https:\/\/api.w.org\/{rel}","templated":true}]}}