{"id":1015,"date":"2026-03-11T16:25:22","date_gmt":"2026-03-11T16:25:22","guid":{"rendered":"https:\/\/www.kiralyszentistvan.hu\/kiraly\/?page_id=1015"},"modified":"2026-04-08T16:36:25","modified_gmt":"2026-04-08T16:36:25","slug":"valasztas-2026","status":"publish","type":"page","link":"https:\/\/www.kiralyszentistvan.hu\/kiraly\/valasztas-2026\/","title":{"rendered":"Orsz\u00e1ggy\u0171l\u00e9si v\u00e1laszt\u00e1s 2026"},"content":{"rendered":"\n<p class=\"has-text-color has-link-color wp-elements-3c953c79d0ce245abc5b85e4b666e666\" style=\"color:#82620c\"><a href=\"https:\/\/kiralyszentistvan.hu\/data\/valasztas\/2026\/Valasztasi_tajekoztato.docx\">V\u00e1laszt\u00e1si t\u00e1j\u00e9koztat\u00f3<\/a><br><a href=\"https:\/\/kiralyszentistvan.hu\/data\/\">V\u00e1laszt\u00e1si t\u00e1j\u00e9koztat\u00f3 2026.03.25<\/a><br><a href=\"https:\/\/kiralyszentistvan.hu\/data\/valasztas\/2026\/20260408141009.pdf\">V\u00e1laszt\u00e1si \u00fcgyelet mozg\u00f3urna ig\u00e9nyl\u00e9se c\u00e9lj\u00e1b\u00f3l<\/a><\/p>\n\n\n\n<p><\/p>\n","protected":false},"excerpt":{"rendered":"<p>V\u00e1laszt\u00e1si t\u00e1j\u00e9koztat\u00f3V\u00e1laszt\u00e1si t\u00e1j\u00e9koztat\u00f3 2026.03.25V\u00e1laszt\u00e1si \u00fcgyelet mozg\u00f3urna ig\u00e9nyl\u00e9se c\u00e9lj\u00e1b\u00f3l<\/p>\n","protected":false},"author":1,"featured_media":1020,"parent":0,"menu_order":0,"comment_status":"closed","ping_status":"closed","template":"","meta":{"footnotes":""},"class_list":["post-1015","page","type-page","status-publish","has-post-thumbnail","hentry"],"featured_image_src":"https:\/\/www.kiralyszentistvan.hu\/kiraly\/wp-content\/uploads\/2026\/03\/valasztas_2026-620x291-1-600x291.jpg","featured_image_src_square":"https:\/\/www.kiralyszentistvan.hu\/kiraly\/wp-content\/uploads\/2026\/03\/valasztas_2026-620x291-1-600x291.jpg","_links":{"self":[{"href":"https:\/\/www.kiralyszentistvan.hu\/kiraly\/wp-json\/wp\/v2\/pages\/1015","targetHints":{"allow":["GET"]}}],"collection":[{"href":"https:\/\/www.kiralyszentistvan.hu\/kiraly\/wp-json\/wp\/v2\/pages"}],"about":[{"href":"https:\/\/www.kiralyszentistvan.hu\/kiraly\/wp-json\/wp\/v2\/types\/page"}],"author":[{"embeddable":true,"href":"https:\/\/www.kiralyszentistvan.hu\/kiraly\/wp-json\/wp\/v2\/users\/1"}],"replies":[{"embeddable":true,"href":"https:\/\/www.kiralyszentistvan.hu\/kiraly\/wp-json\/wp\/v2\/comments?post=1015"}],"version-history":[{"count":7,"href":"https:\/\/www.kiralyszentistvan.hu\/kiraly\/wp-json\/wp\/v2\/pages\/1015\/revisions"}],"predecessor-version":[{"id":1035,"href":"https:\/\/www.kiralyszentistvan.hu\/kiraly\/wp-json\/wp\/v2\/pages\/1015\/revisions\/1035"}],"wp:featuredmedia":[{"embeddable":true,"href":"https:\/\/www.kiralyszentistvan.hu\/kiraly\/wp-json\/wp\/v2\/media\/1020"}],"wp:attachment":[{"href":"https:\/\/www.kiralyszentistvan.hu\/kiraly\/wp-json\/wp\/v2\/media?parent=1015"}],"curies":[{"name":"wp","href":"https:\/\/api.w.org\/{rel}","templated":true}]}}

Országgyűlési választás 2026

<p class="has-text-color has-link-color wp-elements-3c953c79d0ce245abc5b85e4b666e666" style="color:#82620c"><a href="https://kiralyszentistvan.hu/data/valasztas/2026/Valasztasi_tajekoztato.docx">Választási tájékoztató</a><br><a href="https://kiralyszentistvan.hu/data/">Választási tájékoztató 2026.03.25</a><br><a href="https://kiralyszentistvan.hu/data/valasztas/2026/20260408141009.pdf">Választási ügyelet mozgóurna igénylése céljából</a></p>



<p></p>

<p>Választási tájékoztatóVálasztási tájékoztató 2026.03.25Választási ügyelet mozgóurna igénylése céljából</p>
